Last updated on 2025-05-18 03:50:34 CEST.
Flavor | Version | Tinstall | Tcheck | Ttotal | Status | Flags |
---|---|---|---|---|---|---|
r-devel-linux-x86_64-debian-clang | 0.1.11 | 6.55 | 56.02 | 62.57 | NOTE | |
r-devel-linux-x86_64-debian-gcc | 0.1.11 | 3.95 | 41.96 | 45.91 | NOTE | |
r-devel-linux-x86_64-fedora-clang | 0.1.11 | 98.23 | OK | |||
r-devel-linux-x86_64-fedora-gcc | 0.1.11 | 107.58 | OK | |||
r-devel-windows-x86_64 | 0.1.11 | 7.00 | 83.00 | 90.00 | OK | |
r-patched-linux-x86_64 | 0.1.11 | 6.93 | 54.19 | 61.12 | OK | |
r-release-linux-x86_64 | 0.1.11 | 5.42 | 54.02 | 59.44 | OK | |
r-release-macos-arm64 | 0.1.11 | 45.00 | OK | |||
r-release-macos-x86_64 | 0.1.11 | 74.00 | OK | |||
r-release-windows-x86_64 | 0.1.11 | 8.00 | 97.00 | 105.00 | OK | |
r-oldrel-macos-arm64 | 0.1.11 | 33.00 | OK | |||
r-oldrel-macos-x86_64 | 0.1.11 | 54.00 | OK | |||
r-oldrel-windows-x86_64 | 0.1.11 | 8.00 | 95.00 | 103.00 | OK |
Version: 0.1.11
Check: CRAN incoming feasibility
Result: NOTE
Maintainer: ‘Joris Meys <Joris.Meys@UGent.be>’
Found the following URLs which should use \doi (with the DOI name only):
File ‘drugTargetInteraction.Rd’:
https://doi.org/10.1093/bioinformatics/btn162
File ‘loo.Rd’:
http://doi.org/10.1093/bib/bby095
File ‘proteinInteraction.Rd’:
https://doi.org/10.1093/bioinformatics/bth910
File ‘xnet-package.Rd’:
http://doi.org/10.1093/bib/bby095
Flavors: r-devel-linux-x86_64-debian-clang, r-devel-linux-x86_64-debian-gcc