Last updated on 2025-07-20 03:49:48 CEST.
Flavor | Version | Tinstall | Tcheck | Ttotal | Status | Flags |
---|---|---|---|---|---|---|
r-devel-linux-x86_64-debian-clang | 0.2.3 | 8.66 | 67.83 | 76.49 | OK | |
r-devel-linux-x86_64-debian-gcc | 0.2.3 | 6.05 | 48.81 | 54.86 | OK | |
r-devel-linux-x86_64-fedora-clang | 0.2.3 | 119.33 | OK | |||
r-devel-linux-x86_64-fedora-gcc | 0.2.3 | 130.65 | OK | |||
r-devel-windows-x86_64 | 0.2.3 | 11.00 | 75.00 | 86.00 | OK | |
r-patched-linux-x86_64 | 0.2.3 | 8.50 | 63.68 | 72.18 | OK | |
r-release-linux-x86_64 | 0.2.3 | 8.56 | 63.29 | 71.85 | OK | |
r-release-macos-arm64 | 0.2.3 | 36.00 | OK | |||
r-release-macos-x86_64 | 0.2.3 | 100.00 | OK | |||
r-release-windows-x86_64 | 0.2.3 | 10.00 | 75.00 | 85.00 | OK | |
r-oldrel-macos-arm64 | 0.2.3 | 40.00 | NOTE | |||
r-oldrel-macos-x86_64 | 0.2.3 | 56.00 | NOTE | |||
r-oldrel-windows-x86_64 | 0.2.3 | 12.00 | 93.00 | 105.00 | NOTE |
Version: 0.2.3
Check: LazyData
Result: NOTE
'LazyData' is specified without a 'data' directory
Flavors: r-oldrel-macos-arm64, r-oldrel-macos-x86_64, r-oldrel-windows-x86_64