Last updated on 2025-05-18 03:50:34 CEST.
Flavor | Version | Tinstall | Tcheck | Ttotal | Status | Flags |
---|---|---|---|---|---|---|
r-devel-linux-x86_64-debian-clang | 1.1.61 | 203.34 | 24.70 | 228.04 | OK | |
r-devel-linux-x86_64-debian-gcc | 1.1.61 | 35.81 | 18.82 | 54.63 | OK | |
r-devel-linux-x86_64-fedora-clang | 1.1.61 | 329.84 | OK | |||
r-devel-linux-x86_64-fedora-gcc | 1.1.61 | 113.77 | OK | |||
r-devel-windows-x86_64 | 1.1.61 | 156.00 | 37.00 | 193.00 | OK | |
r-patched-linux-x86_64 | 1.1.61 | 44.32 | 21.11 | 65.43 | OK | |
r-release-linux-x86_64 | 1.1.61 | 43.16 | 21.44 | 64.60 | OK | |
r-release-macos-arm64 | 1.1.61 | 99.00 | OK | |||
r-release-macos-x86_64 | 1.1.61 | 78.00 | OK | |||
r-release-windows-x86_64 | 1.1.61 | 153.00 | 41.00 | 194.00 | OK | |
r-oldrel-macos-arm64 | 1.1.61 | 87.00 | OK | |||
r-oldrel-macos-x86_64 | 1.1.61 | 87.00 | OK | |||
r-oldrel-windows-x86_64 | 1.1.61 | 119.00 | 37.00 | 156.00 | NOTE |
Version: 1.1.61
Check: installed package size
Result: NOTE
installed size is 5.6Mb
sub-directories of 1Mb or more:
bin 5.5Mb
Flavor: r-oldrel-windows-x86_64