Last updated on 2025-05-02 03:51:26 CEST.
Flavor | Version | Tinstall | Tcheck | Ttotal | Status | Flags |
---|---|---|---|---|---|---|
r-devel-linux-x86_64-debian-clang | 1.0.2 | 15.50 | 145.51 | 161.01 | NOTE | |
r-devel-linux-x86_64-debian-gcc | 1.0.2 | 9.33 | 99.96 | 109.29 | OK | |
r-devel-linux-x86_64-fedora-clang | 1.0.2 | 231.56 | OK | |||
r-devel-linux-x86_64-fedora-gcc | 1.0.2 | 237.63 | OK | |||
r-devel-windows-x86_64 | 1.0.2 | 18.00 | 134.00 | 152.00 | OK | |
r-patched-linux-x86_64 | 1.0.2 | 14.25 | 134.16 | 148.41 | OK | |
r-release-linux-x86_64 | OK | |||||
r-release-macos-arm64 | 1.0.2 | 81.00 | OK | |||
r-release-macos-x86_64 | 1.0.2 | 94.00 | OK | |||
r-release-windows-x86_64 | 1.0.2 | 15.00 | 135.00 | 150.00 | OK | |
r-oldrel-macos-arm64 | 1.0.2 | 67.00 | OK | |||
r-oldrel-macos-x86_64 | 1.0.2 | 98.00 | OK | |||
r-oldrel-windows-x86_64 | 1.0.2 | 20.00 | 168.00 | 188.00 | OK |
Version: 1.0.2
Check: examples
Result: NOTE
Examples with CPU (user + system) or elapsed time > 5s
user system elapsed
wqs_pt 10.724 1.043 14.878
wqs_full_perm 10.840 0.921 14.998
Flavor: r-devel-linux-x86_64-debian-clang