Last updated on 2025-05-02 03:51:26 CEST.
Flavor | Version | Tinstall | Tcheck | Ttotal | Status | Flags |
---|---|---|---|---|---|---|
r-devel-linux-x86_64-debian-clang | 0.0-7 | 9.98 | 288.76 | 298.74 | NOTE | |
r-devel-linux-x86_64-debian-gcc | 0.0-7 | 6.82 | 252.44 | 259.26 | OK | |
r-devel-linux-x86_64-fedora-clang | 0.0-7 | 344.45 | OK | |||
r-devel-linux-x86_64-fedora-gcc | 0.0-7 | 342.35 | OK | |||
r-devel-windows-x86_64 | 0.0-7 | 11.00 | 263.00 | 274.00 | OK | |
r-patched-linux-x86_64 | 0.0-7 | 9.74 | 299.91 | 309.65 | OK | |
r-release-linux-x86_64 | OK | |||||
r-release-macos-arm64 | 0.0-7 | 149.00 | OK | |||
r-release-macos-x86_64 | 0.0-7 | 443.00 | OK | |||
r-release-windows-x86_64 | 0.0-7 | 10.00 | 279.00 | 289.00 | OK | |
r-oldrel-macos-arm64 | 0.0-7 | 143.00 | OK | |||
r-oldrel-macos-x86_64 | 0.0-7 | 381.00 | OK | |||
r-oldrel-windows-x86_64 | 0.0-7 | 14.00 | 353.00 | 367.00 | OK |
Version: 0.0-7
Check: examples
Result: NOTE
Examples with CPU (user + system) or elapsed time > 5s
user system elapsed
ooom 7.092 0.059 7.818
Flavor: r-devel-linux-x86_64-debian-clang