Last updated on 2025-10-31 02:50:47 CET.
| Flavor | Version | Tinstall | Tcheck | Ttotal | Status | Flags | 
|---|---|---|---|---|---|---|
| r-devel-linux-x86_64-debian-clang | 1.4.4 | 59.74 | 32.67 | 92.41 | OK | |
| r-devel-linux-x86_64-debian-gcc | 1.4.4 | 45.46 | 26.80 | 72.26 | OK | |
| r-devel-linux-x86_64-fedora-clang | 1.4.4 | 117.00 | 30.29 | 147.29 | OK | |
| r-devel-linux-x86_64-fedora-gcc | 1.4.4 | 129.00 | 56.65 | 185.65 | OK | |
| r-devel-windows-x86_64 | 1.4.4 | 84.00 | 131.00 | 215.00 | OK | |
| r-patched-linux-x86_64 | 1.4.4 | 64.61 | 29.74 | 94.35 | OK | |
| r-release-linux-x86_64 | 1.4.4 | 64.29 | 29.71 | 94.00 | OK | |
| r-release-macos-arm64 | 1.4.4 | 38.00 | 34.00 | 72.00 | OK | |
| r-release-macos-x86_64 | 1.4.4 | 101.00 | 85.00 | 186.00 | OK | |
| r-release-windows-x86_64 | 1.4.4 | 107.00 | 140.00 | 247.00 | OK | |
| r-oldrel-macos-arm64 | 1.4.4 | 33.00 | 38.00 | 71.00 | NOTE | |
| r-oldrel-macos-x86_64 | 1.4.4 | 80.00 | 104.00 | 184.00 | NOTE | |
| r-oldrel-windows-x86_64 | 1.4.4 | 104.00 | 174.00 | 278.00 | NOTE | 
Version: 1.4.4
Check: installed package size
Result: NOTE
    installed size is 29.4Mb
    sub-directories of 1Mb or more:
      libs  29.2Mb
Flavors: r-oldrel-macos-arm64, r-oldrel-macos-x86_64, r-oldrel-windows-x86_64
Version: 1.4.4
Check: for GNU extensions in Makefiles
Result: NOTE
  GNU make is a SystemRequirements.
Flavors: r-oldrel-macos-arm64, r-oldrel-macos-x86_64, r-oldrel-windows-x86_64