Last updated on 2025-11-26 03:52:19 CET.
| Flavor | Version | Tinstall | Tcheck | Ttotal | Status | Flags |
|---|---|---|---|---|---|---|
| r-devel-linux-x86_64-debian-clang | 2.2.0 | 0.25 | 3.51 | 3.76 | ERROR | |
| r-devel-linux-x86_64-debian-gcc | 2.2.0 | 0.29 | 2.71 | 3.00 | ERROR | |
| r-devel-linux-x86_64-fedora-clang | 2.2.0 | 4.71 | ERROR | |||
| r-devel-linux-x86_64-fedora-gcc | 2.2.0 | 4.68 | ERROR | |||
| r-devel-windows-x86_64 | 2.2.0 | 16.00 | 623.00 | 639.00 | OK | |
| r-patched-linux-x86_64 | 2.2.0 | 7.47 | 265.02 | 272.49 | OK | |
| r-release-linux-x86_64 | 2.2.0 | 6.58 | 262.21 | 268.79 | OK | |
| r-release-macos-arm64 | 2.2.0 | 172.00 | ERROR | |||
| r-release-macos-x86_64 | 2.2.0 | 5.00 | 242.00 | 247.00 | OK | |
| r-release-windows-x86_64 | 2.2.0 | 14.00 | 432.00 | 446.00 | OK | |
| r-oldrel-macos-arm64 | 2.2.0 | 1.00 | 94.00 | 95.00 | OK | |
| r-oldrel-macos-x86_64 | 2.2.0 | 5.00 | 291.00 | 296.00 | OK | |
| r-oldrel-windows-x86_64 | 2.2.0 | 16.00 | 357.00 | 373.00 | OK |
Version: 2.2.0
Check: package dependencies
Result: ERROR
Package required but not available: ‘leafem’
Package suggested but not available for checking: ‘mapview’
See section ‘The DESCRIPTION file’ in the ‘Writing R Extensions’
manual.
Flavors: r-devel-linux-x86_64-debian-clang, r-devel-linux-x86_64-debian-gcc, r-devel-linux-x86_64-fedora-gcc
Version: 2.2.0
Check: package dependencies
Result: ERROR
Package required but not available: ‘leafem’
Package suggested but not available for checking: ‘mapview’
Imports includes 21 non-default packages.
Importing from so many packages makes the package vulnerable to any of
them becoming unavailable. Move as many as possible to Suggests and
use conditionally.
See section ‘The DESCRIPTION file’ in the ‘Writing R Extensions’
manual.
Flavor: r-devel-linux-x86_64-fedora-clang
Version: 2.2.0
Check: package dependencies
Result: ERROR
Package required and available but unsuitable version: ‘ENMeval’
See section ‘The DESCRIPTION file’ in the ‘Writing R Extensions’
manual.
Flavor: r-release-macos-arm64