Last updated on 2025-05-02 03:51:25 CEST.
Flavor | Version | Tinstall | Tcheck | Ttotal | Status | Flags |
---|---|---|---|---|---|---|
r-devel-linux-x86_64-debian-clang | 0.1.6 | 6.72 | 98.61 | 105.33 | NOTE | |
r-devel-linux-x86_64-debian-gcc | 0.1.6 | 5.07 | 71.19 | 76.26 | NOTE | |
r-devel-linux-x86_64-fedora-clang | 0.1.6 | 151.43 | NOTE | |||
r-devel-linux-x86_64-fedora-gcc | 0.1.6 | 156.24 | NOTE | |||
r-devel-windows-x86_64 | 0.1.6 | 8.00 | 108.00 | 116.00 | NOTE | |
r-patched-linux-x86_64 | 0.1.6 | 5.63 | 97.01 | 102.64 | NOTE | |
r-release-linux-x86_64 | NOTE | |||||
r-release-macos-arm64 | 0.1.6 | 51.00 | NOTE | |||
r-release-macos-x86_64 | 0.1.6 | 92.00 | OK | |||
r-release-windows-x86_64 | 0.1.6 | 8.00 | 115.00 | 123.00 | NOTE | |
r-oldrel-macos-arm64 | 0.1.6 | 59.00 | OK | |||
r-oldrel-macos-x86_64 | 0.1.6 | 105.00 | OK | |||
r-oldrel-windows-x86_64 | 0.1.6 | 9.00 | 141.00 | 150.00 | OK |
Version: 0.1.6
Check: DESCRIPTION meta-information
Result: NOTE
Missing dependency on R >= 4.1.0 because package code uses the pipe
|> or function shorthand \(...) syntax added in R 4.1.0.
File(s) using such syntax:
‘compute_pfi.Rd’ ‘plot_pc_directions.Rd’ ‘prep_testing_data.Rd’
‘prep_training_data.Rd’
Flavors: r-devel-linux-x86_64-debian-clang, r-devel-linux-x86_64-debian-gcc, r-devel-linux-x86_64-fedora-clang, r-devel-linux-x86_64-fedora-gcc, r-devel-windows-x86_64, r-patched-linux-x86_64, r-release-linux-x86_64, r-release-macos-arm64, r-release-windows-x86_64
Version: 0.1.6
Check: examples
Result: NOTE
Examples with CPU (user + system) or elapsed time > 5s
user system elapsed
compute_pfi 7.484 0.152 9.742
plot_pc_directions 5.413 0.025 7.367
prep_testing_data 5.163 0.003 6.621
prep_training_data 4.714 0.008 6.188
Flavor: r-devel-linux-x86_64-debian-clang