Last updated on 2025-11-15 03:50:34 CET.
| Flavor | Version | Tinstall | Tcheck | Ttotal | Status | Flags |
|---|---|---|---|---|---|---|
| r-devel-linux-x86_64-debian-clang | 1.2.3 | 13.51 | 158.21 | 171.72 | NOTE | |
| r-devel-linux-x86_64-debian-gcc | 1.2.3 | 9.05 | 121.78 | 130.83 | NOTE | |
| r-devel-linux-x86_64-fedora-clang | 1.2.3 | 68.00 | 207.99 | 275.99 | NOTE | |
| r-devel-linux-x86_64-fedora-gcc | 1.2.3 | 73.00 | 209.52 | 282.52 | NOTE | |
| r-devel-windows-x86_64 | 1.2.3 | 22.00 | 238.00 | 260.00 | NOTE | |
| r-patched-linux-x86_64 | 1.2.3 | 11.58 | 152.73 | 164.31 | NOTE | |
| r-release-linux-x86_64 | 1.2.3 | 11.74 | 152.73 | 164.47 | NOTE | |
| r-release-macos-arm64 | 1.2.3 | 8.00 | 79.00 | 87.00 | OK | |
| r-release-macos-x86_64 | 1.2.3 | 13.00 | 158.00 | 171.00 | OK | |
| r-release-windows-x86_64 | 1.2.3 | 16.00 | 239.00 | 255.00 | NOTE | |
| r-oldrel-macos-arm64 | 1.2.3 | 8.00 | 86.00 | 94.00 | OK | |
| r-oldrel-macos-x86_64 | 1.2.3 | 11.00 | 134.00 | 145.00 | OK | |
| r-oldrel-windows-x86_64 | 1.2.3 | 22.00 | 256.00 | 278.00 | OK |
Version: 1.2.3
Check: Rd cross-references
Result: NOTE
Found the following Rd file(s) with Rd \link{} targets missing package
anchors:
plot.spv.Rd: stat_binhex, grid.arrange, ggplot
vdg-package.Rd: theme
Please provide package anchors for all Rd \link{} targets not in the
package itself and the base packages.
Flavors: r-devel-linux-x86_64-debian-clang, r-devel-linux-x86_64-debian-gcc, r-devel-windows-x86_64, r-patched-linux-x86_64, r-release-linux-x86_64, r-release-windows-x86_64
Version: 1.2.3
Check: compiled code
Result: NOTE
File ‘vdg/libs/vdg.so’:
Found no calls to: ‘R_registerRoutines’, ‘R_useDynamicSymbols’
It is good practice to register native routines and to disable symbol
search.
See ‘Writing portable packages’ in the ‘Writing R Extensions’ manual.
Flavors: r-devel-linux-x86_64-fedora-clang, r-devel-linux-x86_64-fedora-gcc