Last updated on 2025-05-02 03:51:25 CEST.
Flavor | Version | Tinstall | Tcheck | Ttotal | Status | Flags |
---|---|---|---|---|---|---|
r-devel-linux-x86_64-debian-clang | 1.9 | 33.50 | 59.42 | 92.92 | NOTE | |
r-devel-linux-x86_64-debian-gcc | 1.9 | 24.75 | 40.67 | 65.42 | OK | |
r-devel-linux-x86_64-fedora-clang | 1.9 | 168.00 | OK | |||
r-devel-linux-x86_64-fedora-gcc | 1.9 | 178.11 | OK | |||
r-devel-windows-x86_64 | 1.9 | 43.00 | 93.00 | 136.00 | OK | |
r-patched-linux-x86_64 | 1.9 | 34.42 | 59.68 | 94.10 | OK | |
r-release-linux-x86_64 | OK | |||||
r-release-macos-arm64 | 1.9 | 62.00 | OK | |||
r-release-macos-x86_64 | 1.9 | 93.00 | OK | |||
r-release-windows-x86_64 | 1.9 | 43.00 | 100.00 | 143.00 | OK | |
r-oldrel-macos-arm64 | 1.9 | 49.00 | OK | |||
r-oldrel-macos-x86_64 | 1.9 | 69.00 | OK | |||
r-oldrel-windows-x86_64 | 1.9 | 47.00 | 117.00 | 164.00 | OK |
Version: 1.9
Check: examples
Result: NOTE
Examples with CPU (user + system) or elapsed time > 5s
user system elapsed
minque 6.363 0 7.975
vcpen 5.384 0 5.900
Flavor: r-devel-linux-x86_64-debian-clang