CRAN Package Check Results for Package unheadr

Last updated on 2025-11-03 03:50:00 CET.

Flavor Version Tinstall Tcheck Ttotal Status Flags
r-devel-linux-x86_64-debian-clang 0.4.0 3.05 40.64 43.69 NOTE
r-devel-linux-x86_64-debian-gcc 0.4.0 2.27 30.95 33.22 NOTE
r-devel-linux-x86_64-fedora-clang 0.4.0 67.55 NOTE
r-devel-linux-x86_64-fedora-gcc 0.4.0 79.00 NOTE
r-devel-windows-x86_64 0.4.0 5.00 62.00 67.00 NOTE
r-patched-linux-x86_64 0.4.0 2.75 38.89 41.64 NOTE
r-release-linux-x86_64 0.4.0 2.48 39.14 41.62 NOTE
r-release-macos-arm64 0.4.0 1.00 36.00 37.00 NOTE
r-release-macos-x86_64 0.4.0 3.00 54.00 57.00 NOTE
r-release-windows-x86_64 0.4.0 5.00 61.00 66.00 NOTE
r-oldrel-macos-arm64 0.4.0 2.00 30.00 32.00 OK
r-oldrel-macos-x86_64 0.4.0 2.00 43.00 45.00 OK
r-oldrel-windows-x86_64 0.4.0 7.00 71.00 78.00 OK

Check Details

Version: 0.4.0
Check: DESCRIPTION meta-information
Result: NOTE Missing dependency on R >= 4.1.0 because package code uses the pipe |> or function shorthand \(...) syntax added in R 4.1.0. File(s) using such syntax: ‘annotate_mf.R’ ‘annotate_mf_all.R’ Flavors: r-devel-linux-x86_64-debian-clang, r-devel-linux-x86_64-debian-gcc, r-devel-linux-x86_64-fedora-clang, r-devel-linux-x86_64-fedora-gcc, r-devel-windows-x86_64, r-patched-linux-x86_64, r-release-linux-x86_64, r-release-macos-arm64, r-release-macos-x86_64, r-release-windows-x86_64