Last updated on 2025-11-16 03:50:16 CET.
| Flavor | Version | Tinstall | Tcheck | Ttotal | Status | Flags |
|---|---|---|---|---|---|---|
| r-devel-linux-x86_64-debian-clang | 1.0.1 | 1.67 | 39.38 | 41.05 | NOTE | |
| r-devel-linux-x86_64-debian-gcc | 1.0.1 | 1.42 | 30.46 | 31.88 | NOTE | |
| r-devel-linux-x86_64-fedora-clang | 1.0.1 | 61.07 | OK | |||
| r-devel-linux-x86_64-fedora-gcc | 1.0.1 | 74.14 | OK | |||
| r-devel-windows-x86_64 | 1.0.1 | 3.00 | 55.00 | 58.00 | OK | |
| r-patched-linux-x86_64 | 1.0.1 | 1.77 | 36.47 | 38.24 | OK | |
| r-release-linux-x86_64 | 1.0.1 | 1.74 | 36.36 | 38.10 | OK | |
| r-release-macos-arm64 | 1.0.1 | 1.00 | 40.00 | 41.00 | OK | |
| r-release-macos-x86_64 | 1.0.1 | 2.00 | 51.00 | 53.00 | OK | |
| r-release-windows-x86_64 | 1.0.1 | 3.00 | 55.00 | 58.00 | OK | |
| r-oldrel-macos-arm64 | 1.0.1 | 1.00 | 27.00 | 28.00 | NOTE | |
| r-oldrel-macos-x86_64 | 1.0.1 | 1.00 | 41.00 | 42.00 | NOTE | |
| r-oldrel-windows-x86_64 | 1.0.1 | 3.00 | 65.00 | 68.00 | NOTE |
Version: 1.0.1
Check: CRAN incoming feasibility
Result: NOTE
Maintainer: ‘Vincent Landau <vincent@csp-inc.org>’
Package CITATION file contains call(s) to old-style personList() or
as.personList(). Please use c() on person objects instead.
Package CITATION file contains call(s) to old-style citEntry(). Please
use bibentry() instead.
Flavors: r-devel-linux-x86_64-debian-clang, r-devel-linux-x86_64-debian-gcc
Version: 1.0.1
Check: LazyData
Result: NOTE
'LazyData' is specified without a 'data' directory
Flavors: r-oldrel-macos-arm64, r-oldrel-macos-x86_64, r-oldrel-windows-x86_64