Last updated on 2025-05-02 03:51:25 CEST.
Flavor | Version | Tinstall | Tcheck | Ttotal | Status | Flags |
---|---|---|---|---|---|---|
r-devel-linux-x86_64-debian-clang | 2.2.0 | 18.38 | 138.87 | 157.25 | NOTE | |
r-devel-linux-x86_64-debian-gcc | 2.2.0 | 12.16 | 93.84 | 106.00 | OK | |
r-devel-linux-x86_64-fedora-clang | 2.2.0 | 240.17 | OK | |||
r-devel-linux-x86_64-fedora-gcc | 2.2.0 | 219.60 | OK | |||
r-devel-windows-x86_64 | 2.2.0 | 20.00 | 186.00 | 206.00 | OK | |
r-patched-linux-x86_64 | 2.2.0 | 18.92 | 126.56 | 145.48 | OK | |
r-release-linux-x86_64 | OK | |||||
r-release-macos-arm64 | 2.2.0 | 50.00 | OK | |||
r-release-macos-x86_64 | 2.2.0 | 101.00 | OK | |||
r-release-windows-x86_64 | 2.2.0 | 20.00 | 203.00 | 223.00 | OK | |
r-oldrel-macos-arm64 | 2.2.0 | 64.00 | OK | |||
r-oldrel-macos-x86_64 | 2.2.0 | 114.00 | OK | |||
r-oldrel-windows-x86_64 | 2.2.0 | 25.00 | 230.00 | 255.00 | OK |
Version: 2.2.0
Check: examples
Result: NOTE
Examples with CPU (user + system) or elapsed time > 5s
user system elapsed
wbg.boot.wge 8.116 0.04 9.647
Flavor: r-devel-linux-x86_64-debian-clang