Last updated on 2025-07-16 03:50:46 CEST.
Flavor | Version | Tinstall | Tcheck | Ttotal | Status | Flags |
---|---|---|---|---|---|---|
r-devel-linux-x86_64-debian-clang | 1.0.2 | 204.59 | 475.94 | 680.53 | OK | |
r-devel-linux-x86_64-debian-gcc | 1.0.2 | 176.48 | 310.52 | 487.00 | OK | |
r-devel-linux-x86_64-fedora-clang | 1.0.2 | 1067.64 | OK | |||
r-devel-linux-x86_64-fedora-gcc | 1.0.2 | 1170.44 | OK | |||
r-devel-windows-x86_64 | 1.0.2 | 196.00 | 422.00 | 618.00 | OK | |
r-patched-linux-x86_64 | 1.0.1 | 224.79 | 450.79 | 675.58 | OK | |
r-release-linux-x86_64 | 1.0.1 | 226.70 | 444.21 | 670.91 | OK | |
r-release-macos-arm64 | 1.0.1 | 189.00 | OK | |||
r-release-macos-x86_64 | 1.0.2 | 486.00 | OK | |||
r-release-windows-x86_64 | 1.0.2 | 179.00 | 394.00 | 573.00 | OK | |
r-oldrel-macos-arm64 | 1.0.1 | 273.00 | NOTE | |||
r-oldrel-macos-x86_64 | 1.0.2 | 479.00 | NOTE | |||
r-oldrel-windows-x86_64 | 1.0.2 | 165.00 | 432.00 | 597.00 | NOTE |
Version: 1.0.1
Check: installed package size
Result: NOTE
installed size is 122.4Mb
sub-directories of 1Mb or more:
libs 120.7Mb
Flavor: r-oldrel-macos-arm64
Version: 1.0.2
Check: installed package size
Result: NOTE
installed size is 122.8Mb
sub-directories of 1Mb or more:
libs 121.2Mb
Flavors: r-oldrel-macos-x86_64, r-oldrel-windows-x86_64