Last updated on 2025-11-01 02:53:11 CET.
| Flavor | Version | Tinstall | Tcheck | Ttotal | Status | Flags |
|---|---|---|---|---|---|---|
| r-devel-linux-x86_64-debian-clang | 1.0.3 | 102.35 | 544.95 | 647.30 | OK | |
| r-devel-linux-x86_64-debian-gcc | 1.0.3 | 84.39 | 334.32 | 418.71 | OK | |
| r-devel-linux-x86_64-fedora-clang | 1.0.3 | 225.00 | 813.85 | 1038.85 | OK | |
| r-devel-linux-x86_64-fedora-gcc | 1.0.3 | 294.00 | 840.28 | 1134.28 | OK | |
| r-devel-windows-x86_64 | 1.0.3 | 111.00 | 549.00 | 660.00 | OK | |
| r-patched-linux-x86_64 | 1.0.3 | 120.89 | 531.35 | 652.24 | OK | |
| r-release-linux-x86_64 | 1.0.3 | 120.88 | 531.87 | 652.75 | OK | |
| r-release-macos-arm64 | 1.0.3 | 47.00 | 111.00 | 158.00 | OK | |
| r-release-macos-x86_64 | 1.0.3 | 84.00 | 232.00 | 316.00 | OK | |
| r-release-windows-x86_64 | 1.0.3 | 113.00 | 551.00 | 664.00 | OK | |
| r-oldrel-macos-arm64 | 1.0.3 | 44.00 | 139.00 | 183.00 | NOTE | |
| r-oldrel-macos-x86_64 | 1.0.3 | 101.00 | 243.00 | 344.00 | NOTE | |
| r-oldrel-windows-x86_64 | 1.0.3 | 133.00 | 747.00 | 880.00 | NOTE |
Version: 1.0.3
Check: installed package size
Result: NOTE
installed size is 45.7Mb
sub-directories of 1Mb or more:
libs 45.0Mb
Flavors: r-oldrel-macos-arm64, r-oldrel-macos-x86_64, r-oldrel-windows-x86_64