Last updated on 2025-04-30 03:51:09 CEST.
Flavor | Version | Tinstall | Tcheck | Ttotal | Status | Flags |
---|---|---|---|---|---|---|
r-devel-linux-x86_64-debian-clang | 3.0.0 | 18.64 | 139.25 | 157.89 | NOTE | |
r-devel-linux-x86_64-debian-gcc | 3.0.0 | 11.16 | 91.80 | 102.96 | OK | |
r-devel-linux-x86_64-fedora-clang | 3.0.0 | 231.95 | OK | |||
r-devel-linux-x86_64-fedora-gcc | 3.0.0 | 218.07 | OK | |||
r-devel-windows-x86_64 | 3.0.0 | 19.00 | 178.00 | 197.00 | OK | |
r-patched-linux-x86_64 | 3.0.0 | 18.87 | 127.34 | 146.21 | OK | |
r-release-linux-x86_64 | 3.0.0 | 12.73 | 127.95 | 140.68 | OK | |
r-release-macos-arm64 | 3.0.0 | 59.00 | OK | |||
r-release-macos-x86_64 | 3.0.0 | 113.00 | OK | |||
r-release-windows-x86_64 | 3.0.0 | 19.00 | 174.00 | 193.00 | OK | |
r-oldrel-macos-arm64 | 3.0.0 | 58.00 | OK | |||
r-oldrel-macos-x86_64 | 3.0.0 | 94.00 | OK | |||
r-oldrel-windows-x86_64 | 3.0.0 | 23.00 | 201.00 | 224.00 | OK |
Version: 3.0.0
Check: examples
Result: NOTE
Examples with CPU (user + system) or elapsed time > 5s
user system elapsed
mvregtolregion 4.608 0.039 5.332
Flavor: r-devel-linux-x86_64-debian-clang