Last updated on 2025-11-01 02:53:10 CET.
| Flavor | Version | Tinstall | Tcheck | Ttotal | Status | Flags |
|---|---|---|---|---|---|---|
| r-devel-linux-x86_64-debian-clang | 0.50.13 | 11.82 | 159.95 | 171.77 | NOTE | |
| r-devel-linux-x86_64-debian-gcc | 0.50.13 | 7.34 | 113.92 | 121.26 | NOTE | |
| r-devel-linux-x86_64-fedora-clang | 0.50.13 | 22.00 | 229.30 | 251.30 | NOTE | |
| r-devel-linux-x86_64-fedora-gcc | 0.50.13 | 24.00 | 235.26 | 259.26 | NOTE | |
| r-devel-windows-x86_64 | 0.50.13 | 13.00 | 160.00 | 173.00 | NOTE | |
| r-patched-linux-x86_64 | 0.50.13 | 11.25 | 150.71 | 161.96 | NOTE | |
| r-release-linux-x86_64 | 0.50.13 | 12.30 | 151.19 | 163.49 | NOTE | |
| r-release-macos-arm64 | 0.50.13 | 4.00 | 69.00 | 73.00 | NOTE | |
| r-release-macos-x86_64 | 0.50.13 | 10.00 | 136.00 | 146.00 | NOTE | |
| r-release-windows-x86_64 | 0.50.13 | 13.00 | 161.00 | 174.00 | NOTE | |
| r-oldrel-macos-arm64 | 0.50.13 | 4.00 | 69.00 | 73.00 | NOTE | |
| r-oldrel-macos-x86_64 | 0.50.13 | 7.00 | 101.00 | 108.00 | NOTE | |
| r-oldrel-windows-x86_64 | 0.50.13 | 18.00 | 201.00 | 219.00 | NOTE |
Version: 0.50.13
Check: Rd files
Result: NOTE
checkRd: (-1) pvalEffectPlot.Rd:90: Lost braces in \itemize; meant \describe ?
checkRd: (-1) pvalEffectPlot.Rd:91: Lost braces in \itemize; meant \describe ?
checkRd: (-1) pvalEffectPlot.Rd:92: Lost braces in \itemize; meant \describe ?
checkRd: (-1) pvalEffectPlot.Rd:93: Lost braces in \itemize; meant \describe ?
checkRd: (-1) pvalEffectPlot.Rd:94: Lost braces in \itemize; meant \describe ?
Flavors: r-devel-linux-x86_64-debian-clang, r-devel-linux-x86_64-debian-gcc, r-devel-linux-x86_64-fedora-clang, r-devel-linux-x86_64-fedora-gcc, r-devel-windows-x86_64, r-patched-linux-x86_64, r-release-linux-x86_64, r-release-macos-arm64, r-release-macos-x86_64, r-release-windows-x86_64, r-oldrel-macos-arm64, r-oldrel-macos-x86_64, r-oldrel-windows-x86_64