Last updated on 2025-05-19 03:50:14 CEST.
Flavor | Version | Tinstall | Tcheck | Ttotal | Status | Flags |
---|---|---|---|---|---|---|
r-devel-linux-x86_64-debian-clang | 0.1.0 | 2.63 | 39.08 | 41.71 | OK | |
r-devel-linux-x86_64-debian-gcc | 0.1.0 | 1.82 | 29.64 | 31.46 | OK | |
r-devel-linux-x86_64-fedora-clang | 0.1.0 | 63.80 | OK | |||
r-devel-linux-x86_64-fedora-gcc | 0.1.0 | 74.31 | OK | |||
r-devel-windows-x86_64 | 0.1.0 | 5.00 | 139.00 | 144.00 | OK | |
r-patched-linux-x86_64 | 0.1.0 | 3.04 | 37.81 | 40.85 | OK | |
r-release-linux-x86_64 | 0.1.0 | 2.51 | 35.28 | 37.79 | OK | |
r-release-macos-arm64 | 0.1.0 | 38.00 | OK | |||
r-release-macos-x86_64 | 0.1.0 | 53.00 | OK | |||
r-release-windows-x86_64 | 0.1.0 | 4.00 | 132.00 | 136.00 | OK | |
r-oldrel-macos-arm64 | 0.1.0 | 27.00 | NOTE | |||
r-oldrel-macos-x86_64 | 0.1.0 | 45.00 | NOTE | |||
r-oldrel-windows-x86_64 | 0.1.0 | 4.00 | 104.00 | 108.00 | NOTE |
Version: 0.1.0
Check: LazyData
Result: NOTE
'LazyData' is specified without a 'data' directory
Flavors: r-oldrel-macos-arm64, r-oldrel-macos-x86_64, r-oldrel-windows-x86_64