CRAN Package Check Results for Package tip

Last updated on 2025-05-03 03:52:14 CEST.

Flavor Version Tinstall Tcheck Ttotal Status Flags
r-devel-linux-x86_64-debian-clang 0.1.0 6.19 142.91 149.10 NOTE
r-devel-linux-x86_64-debian-gcc 0.1.0 4.64 95.93 100.57 NOTE
r-devel-linux-x86_64-fedora-clang 0.1.0 230.30 NOTE
r-devel-linux-x86_64-fedora-gcc 0.1.0 296.40 NOTE
r-devel-windows-x86_64 0.1.0 9.00 147.00 156.00 NOTE
r-patched-linux-x86_64 0.1.0 5.63 132.46 138.09 NOTE
r-release-linux-x86_64 NOTE
r-release-macos-arm64 0.1.0 88.00 NOTE
r-release-macos-x86_64 0.1.0 183.00 NOTE
r-release-windows-x86_64 0.1.0 10.00 145.00 155.00 NOTE
r-oldrel-macos-arm64 0.1.0 81.00 NOTE
r-oldrel-macos-x86_64 0.1.0 139.00 NOTE
r-oldrel-windows-x86_64 0.1.0 11.00 185.00 196.00 NOTE

Check Details

Version: 0.1.0
Check: Rd files
Result: NOTE checkRd: (-1) partition_undirected_graph.Rd:20: Lost braces; missing escapes or markup? 20 | \item{cutoff}{Numeric. The value max(0, g_{i,j} - cutoff) so that there are <\code{.num_components}> components in the graph.} | ^ Flavors: r-devel-linux-x86_64-debian-clang, r-devel-linux-x86_64-debian-gcc, r-devel-linux-x86_64-fedora-clang, r-devel-linux-x86_64-fedora-gcc, r-devel-windows-x86_64, r-patched-linux-x86_64, r-release-linux-x86_64, r-release-macos-arm64, r-release-macos-x86_64, r-release-windows-x86_64, r-oldrel-macos-arm64, r-oldrel-macos-x86_64, r-oldrel-windows-x86_64