CRAN Package Check Results for Package timsac

Last updated on 2025-11-23 03:49:01 CET.

Flavor Version Tinstall Tcheck Ttotal Status Flags
r-devel-linux-x86_64-debian-clang 1.3.8-4 42.04 51.78 93.82 NOTE
r-devel-linux-x86_64-debian-gcc 1.3.8-4 22.75 36.90 59.65 NOTE
r-devel-linux-x86_64-fedora-clang 1.3.8-4 67.00 65.98 132.98 OK
r-devel-linux-x86_64-fedora-gcc 1.3.8-4 80.00 42.69 122.69 OK
r-devel-windows-x86_64 1.3.8-4 46.00 73.00 119.00 OK
r-patched-linux-x86_64 1.3.8-4 31.54 46.34 77.88 OK
r-release-linux-x86_64 1.3.8-4 29.91 46.27 76.18 OK
r-release-macos-arm64 1.3.8-4 OK
r-release-macos-x86_64 1.3.8-4 17.00 40.00 57.00 OK
r-release-windows-x86_64 1.3.8-4 44.00 73.00 117.00 OK
r-oldrel-macos-arm64 1.3.8-4 OK
r-oldrel-macos-x86_64 1.3.8-4 18.00 44.00 62.00 OK
r-oldrel-windows-x86_64 1.3.8-4 42.00 74.00 116.00 OK

Check Details

Version: 1.3.8-4
Check: CRAN incoming feasibility
Result: NOTE Maintainer: ‘Masami Saga <msaga@mtb.biglobe.ne.jp>’ No Authors@R field in DESCRIPTION. Please add one, modifying Authors@R: c(person(given = c("The", "Institute", "of", "Statistical"), family = "Mathematics", role = "aut"), person(given = "Masami", family = "Saga", role = "cre", email = "msaga@mtb.biglobe.ne.jp")) as necessary. Flavors: r-devel-linux-x86_64-debian-clang, r-devel-linux-x86_64-debian-gcc