Last updated on 2025-05-02 03:51:24 CEST.
Flavor | Version | Tinstall | Tcheck | Ttotal | Status | Flags |
---|---|---|---|---|---|---|
r-devel-linux-x86_64-debian-clang | 2.9.0 | 22.25 | 274.74 | 296.99 | NOTE | |
r-devel-linux-x86_64-debian-gcc | 2.9.0 | 14.82 | 183.10 | 197.92 | NOTE | |
r-devel-linux-x86_64-fedora-clang | 2.9.0 | 498.27 | OK | |||
r-devel-linux-x86_64-fedora-gcc | 2.9.0 | 477.27 | OK | |||
r-devel-windows-x86_64 | 2.9.0 | 23.00 | 284.00 | 307.00 | NOTE | |
r-patched-linux-x86_64 | 2.9.0 | 24.57 | 261.52 | 286.09 | NOTE | |
r-release-linux-x86_64 | NOTE | |||||
r-release-macos-arm64 | 2.9.0 | 121.00 | OK | |||
r-release-macos-x86_64 | 2.9.0 | 259.00 | OK | |||
r-release-windows-x86_64 | 2.9.0 | 26.00 | 276.00 | 302.00 | NOTE | |
r-oldrel-macos-arm64 | 2.9.0 | 120.00 | OK | |||
r-oldrel-macos-x86_64 | 2.9.0 | 216.00 | OK | |||
r-oldrel-windows-x86_64 | 2.9.0 | 30.00 | 369.00 | 399.00 | OK |
Version: 2.9.0
Check: Rd cross-references
Result: NOTE
Found the following Rd file(s) with Rd \link{} targets missing package
anchors:
parse_date2.Rd: anytime, anydate
step_box_cox.Rd: selections
step_diff.Rd: step_naomit, selections
step_log_interval.Rd: selections
step_ts_clean.Rd: selections
step_ts_impute.Rd: selections
Please provide package anchors for all Rd \link{} targets not in the
package itself and the base packages.
Flavors: r-devel-linux-x86_64-debian-clang, r-devel-linux-x86_64-debian-gcc, r-devel-windows-x86_64, r-patched-linux-x86_64, r-release-linux-x86_64, r-release-windows-x86_64
Version: 2.9.0
Check: examples
Result: NOTE
Examples with CPU (user + system) or elapsed time > 5s
user system elapsed
tk_get_holiday 4.530 0.110 5.590
plot_acf_diagnostics 4.470 0.082 5.276
plot_time_series 4.477 0.070 5.592
Flavor: r-devel-linux-x86_64-debian-clang