CRAN Package Check Results for Package tictoc

Last updated on 2025-11-23 03:49:01 CET.

Flavor Version Tinstall Tcheck Ttotal Status Flags
r-devel-linux-x86_64-debian-clang 1.2.1 1.63 23.34 24.97 NOTE
r-devel-linux-x86_64-debian-gcc 1.2.1 1.43 19.50 20.93 NOTE
r-devel-linux-x86_64-fedora-clang 1.2.1 36.87 OK
r-devel-linux-x86_64-fedora-gcc 1.2.1 35.91 OK
r-devel-windows-x86_64 1.2.1 4.00 67.00 71.00 OK
r-patched-linux-x86_64 1.2.1 1.70 22.05 23.75 OK
r-release-linux-x86_64 1.2.1 1.74 22.19 23.93 OK
r-release-macos-arm64 1.2.1 OK
r-release-macos-x86_64 1.2.1 2.00 50.00 52.00 OK
r-release-windows-x86_64 1.2.1 3.00 70.00 73.00 OK
r-oldrel-macos-arm64 1.2.1 OK
r-oldrel-macos-x86_64 1.2.1 2.00 44.00 46.00 OK
r-oldrel-windows-x86_64 1.2.1 4.00 71.00 75.00 OK

Check Details

Version: 1.2.1
Check: CRAN incoming feasibility
Result: NOTE Maintainer: ‘Sergei Izrailev <sizrailev@jabiruventures.com>’ No Authors@R field in DESCRIPTION. Please add one, modifying Authors@R: person(given = "Sergei", family = "Izrailev", role = c("aut", "cre"), email = "sizrailev@jabiruventures.com") as necessary. Flavors: r-devel-linux-x86_64-debian-clang, r-devel-linux-x86_64-debian-gcc