Last updated on 2025-10-02 03:50:50 CEST.
Flavor | Version | Tinstall | Tcheck | Ttotal | Status | Flags |
---|---|---|---|---|---|---|
r-devel-linux-x86_64-debian-clang | 2.3.28 | 28.06 | 24.96 | 53.02 | NOTE | |
r-devel-linux-x86_64-debian-gcc | 2.3.28 | 19.64 | 20.09 | 39.73 | NOTE | |
r-devel-linux-x86_64-fedora-clang | 2.3.28 | 95.60 | NOTE | |||
r-devel-linux-x86_64-fedora-gcc | 2.3.28 | 107.03 | NOTE | |||
r-patched-linux-x86_64 | 2.3.28 | 29.07 | 23.52 | 52.59 | NOTE | |
r-release-linux-x86_64 | 2.3.28 | 28.86 | 23.35 | 52.21 | NOTE | |
r-release-macos-arm64 | 2.3.28 | 35.00 | NOTE | |||
r-release-macos-x86_64 | 2.3.28 | 51.00 | NOTE | |||
r-oldrel-macos-arm64 | 2.3.28 | 43.00 | OK | |||
r-oldrel-macos-x86_64 | 2.3.28 | 46.00 | OK |
Version: 2.3.28
Check: compiled code
Result: NOTE
File ‘tgstat/libs/tgstat.so’:
Found non-API call to R: ‘Rf_GetOption’
Compiled code should not call non-API entry points in R.
See ‘Writing portable packages’ in the ‘Writing R Extensions’ manual,
and section ‘Moving into C API compliance’ for issues with the use of
non-API entry points.
Flavors: r-devel-linux-x86_64-debian-clang, r-devel-linux-x86_64-debian-gcc, r-devel-linux-x86_64-fedora-clang, r-devel-linux-x86_64-fedora-gcc, r-patched-linux-x86_64, r-release-linux-x86_64, r-release-macos-arm64, r-release-macos-x86_64