Last updated on 2025-07-25 03:51:38 CEST.
Flavor | Version | Tinstall | Tcheck | Ttotal | Status | Flags |
---|---|---|---|---|---|---|
r-devel-linux-x86_64-debian-clang | 0.6.1 | 7.75 | 70.38 | 78.13 | OK | |
r-devel-linux-x86_64-debian-gcc | 0.6.1 | 6.17 | 54.26 | 60.43 | OK | |
r-devel-linux-x86_64-fedora-clang | 0.6.1 | 126.66 | OK | |||
r-devel-linux-x86_64-fedora-gcc | 0.6.1 | 130.20 | OK | |||
r-devel-windows-x86_64 | 0.6.1 | 10.00 | 139.00 | 149.00 | OK | |
r-patched-linux-x86_64 | 0.6.1 | 7.52 | 66.91 | 74.43 | OK | |
r-release-linux-x86_64 | 0.6.1 | 6.93 | 67.38 | 74.31 | OK | |
r-release-macos-arm64 | 0.6.1 | 56.00 | OK | |||
r-release-macos-x86_64 | 0.6.1 | 83.00 | OK | |||
r-release-windows-x86_64 | 0.6.1 | 11.00 | 111.00 | 122.00 | OK | |
r-oldrel-macos-arm64 | 0.6.1 | 42.00 | NOTE | |||
r-oldrel-macos-x86_64 | 0.6.1 | 67.00 | NOTE | |||
r-oldrel-windows-x86_64 | 0.6.1 | 12.00 | 114.00 | 126.00 | NOTE |
Version: 0.6.1
Check: LazyData
Result: NOTE
'LazyData' is specified without a 'data' directory
Flavors: r-oldrel-macos-arm64, r-oldrel-macos-x86_64, r-oldrel-windows-x86_64