CRAN Package Check Results for Package text2vec

Last updated on 2025-11-15 03:50:32 CET.

Flavor Version Tinstall Tcheck Ttotal Status Flags
r-devel-linux-x86_64-debian-clang 0.6.4 54.39 163.00 217.39 NOTE
r-devel-linux-x86_64-debian-gcc 0.6.4 41.19 104.78 145.97 NOTE
r-devel-linux-x86_64-fedora-clang 0.6.4 293.00 77.42 370.42 OK
r-devel-linux-x86_64-fedora-gcc 0.6.4 350.00 90.85 440.85 OK
r-devel-windows-x86_64 0.6.4 73.00 166.00 239.00 NOTE
r-patched-linux-x86_64 0.6.4 61.42 150.87 212.29 NOTE
r-release-linux-x86_64 0.6.4 60.17 149.64 209.81 NOTE
r-release-macos-arm64 0.6.4 25.00 105.00 130.00 OK
r-release-macos-x86_64 0.6.4 38.00 179.00 217.00 OK
r-release-windows-x86_64 0.6.4 68.00 167.00 235.00 NOTE
r-oldrel-macos-arm64 0.6.4 22.00 85.00 107.00 NOTE
r-oldrel-macos-x86_64 0.6.4 23.00 139.00 162.00 NOTE
r-oldrel-windows-x86_64 0.6.4 83.00 246.00 329.00 OK

Check Details

Version: 0.6.4
Check: Rd cross-references
Result: NOTE Found the following Rd file(s) with Rd \link{} targets missing package anchors: BNS.Rd: R6Class Collocations.Rd: R6Class LatentDirichletAllocation.Rd: R6Class LatentSemanticAnalysis.Rd: R6Class RelaxedWordMoversDistance.Rd: R6Class TfIdf.Rd: R6Class Please provide package anchors for all Rd \link{} targets not in the package itself and the base packages. Flavors: r-devel-linux-x86_64-debian-clang, r-devel-linux-x86_64-debian-gcc, r-devel-windows-x86_64, r-patched-linux-x86_64, r-release-linux-x86_64, r-release-windows-x86_64

Version: 0.6.4
Check: installed package size
Result: NOTE installed size is 7.6Mb sub-directories of 1Mb or more: data 2.7Mb libs 4.0Mb Flavors: r-oldrel-macos-arm64, r-oldrel-macos-x86_64