Last updated on 2025-10-31 02:50:45 CET.
| Flavor | Version | Tinstall | Tcheck | Ttotal | Status | Flags | 
|---|---|---|---|---|---|---|
| r-devel-linux-x86_64-debian-clang | 0.2.0 | 19.99 | 170.36 | 190.35 | NOTE | |
| r-devel-linux-x86_64-debian-gcc | 0.2.0 | 13.48 | 118.74 | 132.22 | NOTE | |
| r-devel-linux-x86_64-fedora-clang | 0.2.0 | 41.00 | 247.51 | 288.51 | NOTE | |
| r-devel-linux-x86_64-fedora-gcc | 0.2.0 | 41.00 | 226.03 | 267.03 | NOTE | |
| r-devel-windows-x86_64 | 0.2.0 | 20.00 | 159.00 | 179.00 | NOTE | |
| r-patched-linux-x86_64 | 0.2.0 | 17.84 | 157.40 | 175.24 | NOTE | |
| r-release-linux-x86_64 | 0.2.0 | 17.22 | 153.12 | 170.34 | NOTE | |
| r-release-macos-arm64 | 0.2.0 | 7.00 | 58.00 | 65.00 | NOTE | |
| r-release-macos-x86_64 | 0.2.0 | 15.00 | 128.00 | 143.00 | NOTE | |
| r-release-windows-x86_64 | 0.2.0 | 20.00 | 159.00 | 179.00 | NOTE | |
| r-oldrel-macos-arm64 | 0.2.0 | 8.00 | 57.00 | 65.00 | OK | |
| r-oldrel-macos-x86_64 | 0.2.0 | 11.00 | 90.00 | 101.00 | OK | |
| r-oldrel-windows-x86_64 | 0.2.0 | 29.00 | 204.00 | 233.00 | OK | 
Version: 0.2.0
Check: DESCRIPTION meta-information
Result: NOTE
    Missing dependency on R >= 4.1.0 because package code uses the pipe
    |> or function shorthand \(...) syntax added in R 4.1.0.
    File(s) using such syntax:
      ‘dtm_builder.Rd’ ‘dtm_stopper.Rd’ ‘rancor_builder.Rd’
      ‘rancors_builder.Rd’ ‘utils-perm.R’
Flavors: r-devel-linux-x86_64-debian-clang, r-devel-linux-x86_64-debian-gcc, r-devel-linux-x86_64-fedora-clang, r-devel-linux-x86_64-fedora-gcc, r-devel-windows-x86_64, r-patched-linux-x86_64, r-release-linux-x86_64, r-release-macos-arm64, r-release-windows-x86_64
Version: 0.2.0
Check: DESCRIPTION meta-information
Result: NOTE
    Missing dependency on R >= 4.1.0 because package code uses the pipe
    |> or function shorthand \(...) syntax added in R 4.1.0.
    File(s) using such syntax:
      ‘utils-perm.R’
Flavor: r-release-macos-x86_64