Last updated on 2025-05-03 03:52:13 CEST.
Flavor | Version | Tinstall | Tcheck | Ttotal | Status | Flags |
---|---|---|---|---|---|---|
r-devel-linux-x86_64-debian-clang | 1.6.0 | 6.11 | 35.70 | 41.81 | NOTE | |
r-devel-linux-x86_64-debian-gcc | 1.6.0 | 4.08 | 25.99 | 30.07 | NOTE | |
r-devel-linux-x86_64-fedora-clang | 1.6.0 | 67.69 | OK | |||
r-devel-linux-x86_64-fedora-gcc | 1.6.0 | 59.28 | OK | |||
r-devel-windows-x86_64 | 1.6.0 | 6.00 | 51.00 | 57.00 | OK | |
r-patched-linux-x86_64 | 1.6.0 | 5.94 | 32.78 | 38.72 | OK | |
r-release-linux-x86_64 | OK | |||||
r-release-macos-arm64 | 1.6.0 | 24.00 | OK | |||
r-release-macos-x86_64 | 1.6.0 | 56.00 | OK | |||
r-release-windows-x86_64 | 1.6.0 | 7.00 | 51.00 | 58.00 | OK | |
r-oldrel-macos-arm64 | 1.6.0 | 28.00 | OK | |||
r-oldrel-macos-x86_64 | 1.6.0 | 58.00 | OK | |||
r-oldrel-windows-x86_64 | 1.6.0 | 10.00 | 59.00 | 69.00 | OK |
Version: 1.6.0
Check: DESCRIPTION meta-information
Result: NOTE
Author field differs from that derived from Authors@R
Author: ‘Nicolas Frerebeau [aut, cre] (<https://orcid.org/0000-0001-5759-4944>), Brice Lebrun [art] (<https://orcid.org/0000-0001-7503-8685>, Logo designer), Université Bordeaux Montaigne [fnd] (03pbgwk21), CNRS [fnd] (02feahw73)’
Authors@R: ‘Nicolas Frerebeau [aut, cre] (ORCID: <https://orcid.org/0000-0001-5759-4944>), Brice Lebrun [art] (ORCID: <https://orcid.org/0000-0001-7503-8685>, Logo designer), Université Bordeaux Montaigne [fnd] (ROR: <https://ror.org/03pbgwk21>), CNRS [fnd] (ROR: <https://ror.org/02feahw73>)’
Flavors: r-devel-linux-x86_64-debian-clang, r-devel-linux-x86_64-debian-gcc