Last updated on 2025-05-02 03:51:24 CEST.
Flavor | Version | Tinstall | Tcheck | Ttotal | Status | Flags |
---|---|---|---|---|---|---|
r-devel-linux-x86_64-debian-clang | 2.0 | 17.19 | 67.63 | 84.82 | NOTE | |
r-devel-linux-x86_64-debian-gcc | 2.0 | 12.55 | 49.20 | 61.75 | OK | |
r-devel-linux-x86_64-fedora-clang | 2.0 | 142.38 | OK | |||
r-devel-linux-x86_64-fedora-gcc | 2.0 | 131.59 | OK | |||
r-devel-windows-x86_64 | 2.0 | 24.00 | 110.00 | 134.00 | OK | |
r-patched-linux-x86_64 | 2.0 | 16.41 | 63.92 | 80.33 | OK | |
r-release-linux-x86_64 | OK | |||||
r-release-macos-arm64 | 2.0 | 53.00 | OK | |||
r-release-macos-x86_64 | 2.0 | 80.00 | OK | |||
r-release-windows-x86_64 | 2.0 | 22.00 | 102.00 | 124.00 | OK | |
r-oldrel-macos-arm64 | 2.0 | 40.00 | OK | |||
r-oldrel-macos-x86_64 | 2.0 | 75.00 | OK | |||
r-oldrel-windows-x86_64 | 2.0 | 26.00 | 116.00 | 142.00 | OK |
Version: 2.0
Check: examples
Result: NOTE
Examples with CPU (user + system) or elapsed time > 5s
user system elapsed
plot_tdROC_cr 4.137 0.261 6.314
Flavor: r-devel-linux-x86_64-debian-clang