Last updated on 2025-05-18 03:50:32 CEST.
Flavor | Version | Tinstall | Tcheck | Ttotal | Status | Flags |
---|---|---|---|---|---|---|
r-devel-linux-x86_64-debian-clang | 1.1-30 | 11.12 | 160.81 | 171.93 | NOTE | |
r-devel-linux-x86_64-debian-gcc | 1.1-30 | 7.15 | 113.40 | 120.55 | NOTE | |
r-devel-linux-x86_64-fedora-clang | 1.1-30 | 278.51 | OK | |||
r-devel-linux-x86_64-fedora-gcc | 1.1-30 | 288.24 | OK | |||
r-devel-windows-x86_64 | 1.1-30 | 11.00 | 192.00 | 203.00 | OK | |
r-patched-linux-x86_64 | 1.1-30 | 11.87 | 153.72 | 165.59 | OK | |
r-release-linux-x86_64 | 1.1-30 | 10.50 | 154.57 | 165.07 | OK | |
r-release-macos-arm64 | 1.1-30 | 84.00 | OK | |||
r-release-macos-x86_64 | 1.1-30 | 166.00 | OK | |||
r-release-windows-x86_64 | 1.1-30 | 11.00 | 191.00 | 202.00 | OK | |
r-oldrel-macos-arm64 | 1.1-30 | 84.00 | OK | |||
r-oldrel-macos-x86_64 | 1.1-30 | 183.00 | OK | |||
r-oldrel-windows-x86_64 | 1.1-30 | 15.00 | 238.00 | 253.00 | OK |
Version: 1.1-30
Check: CRAN incoming feasibility
Result: NOTE
Maintainer: ‘Arne Henningsen <arne.henningsen@gmail.com>’
No Authors@R field in DESCRIPTION.
Please add one, modifying
Authors@R: c(person(given = "Arne",
family = "Henningsen",
role = c("aut", "cre"),
email = "arne.henningsen@gmail.com"),
person(given = c("Jeff", "D."),
family = "Hamann",
role = "aut"))
as necessary.
Flavors: r-devel-linux-x86_64-debian-clang, r-devel-linux-x86_64-debian-gcc