CRAN Package Check Results for Package swash

Last updated on 2025-05-02 03:51:24 CEST.

Flavor Version Tinstall Tcheck Ttotal Status Flags
r-devel-linux-x86_64-debian-clang 1.1.0 3.31 41.47 44.78 NOTE
r-devel-linux-x86_64-debian-gcc 1.1.0 2.60 29.65 32.25 OK
r-devel-linux-x86_64-fedora-clang 1.1.0 72.56 OK
r-devel-linux-x86_64-fedora-gcc 1.1.0 68.30 OK
r-devel-windows-x86_64 1.1.0 4.00 64.00 68.00 OK
r-patched-linux-x86_64 1.1.0 3.91 39.40 43.31 OK
r-release-linux-x86_64 OK
r-release-macos-arm64 1.1.0 24.00 OK
r-release-macos-x86_64 1.1.0 42.00 OK
r-release-windows-x86_64 1.1.0 4.00 66.00 70.00 OK
r-oldrel-macos-arm64 1.1.0 29.00 OK
r-oldrel-macos-x86_64 1.1.0 48.00 OK
r-oldrel-windows-x86_64 1.1.0 6.00 62.00 68.00 OK

Check Details

Version: 1.1.0
Check: examples
Result: NOTE Examples with CPU (user + system) or elapsed time > 5s user system elapsed compare_countries 12.516 0.149 15.688 Flavor: r-devel-linux-x86_64-debian-clang