Last updated on 2025-11-20 03:50:26 CET.
| Flavor | Version | Tinstall | Tcheck | Ttotal | Status | Flags |
|---|---|---|---|---|---|---|
| r-devel-linux-x86_64-debian-clang | 0.1.0 | 7.54 | 72.89 | 80.43 | NOTE | |
| r-devel-linux-x86_64-debian-gcc | 0.1.0 | 6.56 | 54.92 | 61.48 | NOTE | |
| r-devel-linux-x86_64-fedora-clang | 0.1.0 | 22.00 | 104.11 | 126.11 | NOTE | |
| r-devel-linux-x86_64-fedora-gcc | 0.1.0 | 17.00 | 101.15 | 118.15 | NOTE | |
| r-devel-windows-x86_64 | 0.1.0 | 12.00 | 80.00 | 92.00 | NOTE | |
| r-patched-linux-x86_64 | 0.1.0 | 6.77 | 69.98 | 76.75 | NOTE | |
| r-release-linux-x86_64 | 0.1.0 | 7.18 | 69.70 | 76.88 | NOTE | |
| r-release-macos-arm64 | 0.1.0 | NOTE | ||||
| r-release-macos-x86_64 | 0.1.0 | 8.00 | 70.00 | 78.00 | NOTE | |
| r-release-windows-x86_64 | 0.1.0 | 9.00 | 78.00 | 87.00 | NOTE | |
| r-oldrel-macos-arm64 | 0.1.0 | NOTE | ||||
| r-oldrel-macos-x86_64 | 0.1.0 | 5.00 | 50.00 | 55.00 | NOTE | |
| r-oldrel-windows-x86_64 | 0.1.0 | 12.00 | 98.00 | 110.00 | NOTE |
Version: 0.1.0
Check: Rd files
Result: NOTE
checkRd: (-1) eff_n.Rd:32: Lost braces; missing escapes or markup?
32 | \code{\link[survey:surveysummary]{survey::svymean()}} and related functions from the {survey}
| ^
Flavors: r-devel-linux-x86_64-debian-clang, r-devel-linux-x86_64-debian-gcc, r-devel-linux-x86_64-fedora-clang, r-devel-linux-x86_64-fedora-gcc, r-devel-windows-x86_64, r-patched-linux-x86_64, r-release-linux-x86_64, r-release-macos-arm64, r-release-macos-x86_64, r-release-windows-x86_64, r-oldrel-macos-arm64, r-oldrel-macos-x86_64, r-oldrel-windows-x86_64