Last updated on 2025-05-04 03:51:08 CEST.
Flavor | Version | Tinstall | Tcheck | Ttotal | Status | Flags |
---|---|---|---|---|---|---|
r-devel-linux-x86_64-debian-clang | 0.9-5 | 4.14 | 30.55 | 34.69 | NOTE | |
r-devel-linux-x86_64-debian-gcc | 0.9-5 | 3.15 | 23.41 | 26.56 | NOTE | |
r-devel-linux-x86_64-fedora-clang | 0.9-5 | 55.96 | OK | |||
r-devel-linux-x86_64-fedora-gcc | 0.9-5 | 74.41 | OK | |||
r-devel-windows-x86_64 | 0.9-5 | 4.00 | 63.00 | 67.00 | OK | |
r-patched-linux-x86_64 | 0.9-5 | 4.05 | 29.41 | 33.46 | OK | |
r-release-linux-x86_64 | OK | |||||
r-release-macos-arm64 | 0.9-5 | 34.00 | OK | |||
r-release-macos-x86_64 | 0.9-5 | 52.00 | OK | |||
r-release-windows-x86_64 | 0.9-5 | 5.00 | 52.00 | 57.00 | OK | |
r-oldrel-macos-arm64 | 0.9-5 | 29.00 | OK | |||
r-oldrel-macos-x86_64 | 0.9-5 | 45.00 | OK | |||
r-oldrel-windows-x86_64 | 0.9-5 | 4.00 | 58.00 | 62.00 | OK |
Version: 0.9-5
Check: CRAN incoming feasibility
Result: NOTE
Maintainer: ‘Philippe Grosjean <phgrosjean@sciviews.org>’
Package CITATION file contains call(s) to old-style personList() or
as.personList(). Please use c() on person objects instead.
Package CITATION file contains call(s) to old-style citEntry(). Please
use bibentry() instead.
Found the following \keyword or \concept entries
which likely give several index terms:
File ‘bibRNews.Rd’:
\concept{ BibTeX bibliography, R News }
Flavors: r-devel-linux-x86_64-debian-clang, r-devel-linux-x86_64-debian-gcc