Last updated on 2025-04-30 03:51:08 CEST.
Flavor | Version | Tinstall | Tcheck | Ttotal | Status | Flags |
---|---|---|---|---|---|---|
r-devel-linux-x86_64-debian-clang | 1.1.1 | 103.24 | 152.15 | 255.39 | NOTE | |
r-devel-linux-x86_64-debian-gcc | 1.1.1 | 73.54 | 104.19 | 177.73 | OK | |
r-devel-linux-x86_64-fedora-clang | 1.1.1 | 447.87 | OK | |||
r-devel-linux-x86_64-fedora-gcc | 1.1.1 | 420.52 | OK | |||
r-devel-windows-x86_64 | 1.1.1 | 134.00 | 179.00 | 313.00 | OK | |
r-patched-linux-x86_64 | 1.1.1 | 105.10 | 144.97 | 250.07 | OK | |
r-release-linux-x86_64 | 1.1.1 | 102.46 | 144.01 | 246.47 | OK | |
r-release-macos-arm64 | 1.1.1 | 78.00 | OK | |||
r-release-macos-x86_64 | 1.1.1 | 141.00 | OK | |||
r-release-windows-x86_64 | 1.1.1 | 124.00 | 177.00 | 301.00 | OK | |
r-oldrel-macos-arm64 | 1.1.1 | 108.00 | NOTE | |||
r-oldrel-macos-x86_64 | 1.1.1 | 177.00 | NOTE | |||
r-oldrel-windows-x86_64 | 1.1.1 | 137.00 | 223.00 | 360.00 | NOTE |
Version: 1.1.1
Check: examples
Result: NOTE
Examples with CPU (user + system) or elapsed time > 5s
user system elapsed
approx_near_optimal_survey_scheme 6.432 0.109 8.707
Flavor: r-devel-linux-x86_64-debian-clang
Version: 1.1.1
Check: package dependencies
Result: NOTE
Package suggested but not available for checking: ‘gurobi’
Flavors: r-oldrel-macos-arm64, r-oldrel-macos-x86_64, r-oldrel-windows-x86_64
Version: 1.1.1
Check: installed package size
Result: NOTE
installed size is 9.8Mb
sub-directories of 1Mb or more:
libs 8.9Mb
Flavors: r-oldrel-macos-arm64, r-oldrel-macos-x86_64