Last updated on 2025-11-21 03:52:00 CET.
| Flavor | Version | Tinstall | Tcheck | Ttotal | Status | Flags |
|---|---|---|---|---|---|---|
| r-devel-linux-x86_64-debian-clang | 0.4-0 | 2.66 | 28.36 | 31.02 | NOTE | |
| r-devel-linux-x86_64-debian-gcc | 0.4-0 | 2.05 | 22.33 | 24.38 | NOTE | |
| r-devel-linux-x86_64-fedora-clang | 0.4-0 | 12.00 | 36.07 | 48.07 | OK | |
| r-devel-linux-x86_64-fedora-gcc | 0.4-0 | 18.00 | 29.95 | 47.95 | OK | |
| r-devel-windows-x86_64 | 0.4-0 | 4.00 | 45.00 | 49.00 | OK | |
| r-patched-linux-x86_64 | 0.4-0 | 2.91 | 25.81 | 28.72 | OK | |
| r-release-linux-x86_64 | 0.4-0 | 2.52 | 25.95 | 28.47 | OK | |
| r-release-macos-arm64 | 0.4-0 | OK | ||||
| r-release-macos-x86_64 | 0.4-0 | 2.00 | 26.00 | 28.00 | OK | |
| r-release-windows-x86_64 | 0.4-0 | 3.00 | 47.00 | 50.00 | OK | |
| r-oldrel-macos-arm64 | 0.4-0 | OK | ||||
| r-oldrel-macos-x86_64 | 0.4-0 | 2.00 | 21.00 | 23.00 | OK | |
| r-oldrel-windows-x86_64 | 0.4-0 | 4.00 | 53.00 | 57.00 | OK |
Version: 0.4-0
Check: CRAN incoming feasibility
Result: NOTE
Maintainer: ‘Hideo Aizaki <azk-r@spa.nifty.com>’
No Authors@R field in DESCRIPTION.
Please add one, modifying
Authors@R: person(given = "Hideo",
family = "Aizaki",
role = c("aut", "cre"),
email = "azk-r@spa.nifty.com")
as necessary.
Package CITATION file contains call(s) to old-style citEntry(). Please
use bibentry() instead.
Flavors: r-devel-linux-x86_64-debian-clang, r-devel-linux-x86_64-debian-gcc