Last updated on 2025-05-05 03:50:36 CEST.
Flavor | Version | Tinstall | Tcheck | Ttotal | Status | Flags |
---|---|---|---|---|---|---|
r-devel-linux-x86_64-debian-clang | 0.1.0 | 3.66 | 141.04 | 144.70 | OK | |
r-devel-linux-x86_64-debian-gcc | 0.1.0 | 2.40 | 91.59 | 93.99 | OK | |
r-devel-linux-x86_64-fedora-clang | 0.1.0 | 232.19 | OK | |||
r-devel-linux-x86_64-fedora-gcc | 0.1.0 | 214.33 | OK | |||
r-devel-windows-x86_64 | 0.1.0 | 6.00 | 126.00 | 132.00 | OK | |
r-patched-linux-x86_64 | 0.1.0 | 3.97 | 132.13 | 136.10 | OK | |
r-release-linux-x86_64 | 0.1.0 | 4.04 | 132.72 | 136.76 | OK | |
r-release-macos-arm64 | 0.1.0 | 55.00 | OK | |||
r-release-macos-x86_64 | 0.1.0 | 114.00 | OK | |||
r-release-windows-x86_64 | 0.1.0 | 5.00 | 127.00 | 132.00 | OK | |
r-oldrel-macos-arm64 | 0.1.0 | 59.00 | NOTE | |||
r-oldrel-macos-x86_64 | 0.1.0 | 98.00 | NOTE | |||
r-oldrel-windows-x86_64 | 0.1.0 | 7.00 | 169.00 | 176.00 | NOTE |
Version: 0.1.0
Check: LazyData
Result: NOTE
'LazyData' is specified without a 'data' directory
Flavors: r-oldrel-macos-arm64, r-oldrel-macos-x86_64, r-oldrel-windows-x86_64