Last updated on 2025-05-05 03:50:36 CEST.
Flavor | Version | Tinstall | Tcheck | Ttotal | Status | Flags |
---|---|---|---|---|---|---|
r-devel-linux-x86_64-debian-clang | 1.1-1 | 4.30 | 46.59 | 50.89 | NOTE | |
r-devel-linux-x86_64-debian-gcc | 1.1-1 | 3.34 | 36.53 | 39.87 | NOTE | |
r-devel-linux-x86_64-fedora-clang | 1.1-1 | 78.60 | OK | |||
r-devel-linux-x86_64-fedora-gcc | 1.1-1 | 74.20 | OK | |||
r-devel-windows-x86_64 | 1.1-1 | 8.00 | 83.00 | 91.00 | OK | |
r-patched-linux-x86_64 | 1.1-1 | 5.00 | 50.94 | 55.94 | OK | |
r-release-linux-x86_64 | 1.1-1 | 3.69 | 50.97 | 54.66 | OK | |
r-release-macos-arm64 | 1.1-1 | 33.00 | OK | |||
r-release-macos-x86_64 | 1.1-1 | 61.00 | OK | |||
r-release-windows-x86_64 | 1.1-1 | 8.00 | 86.00 | 94.00 | OK | |
r-oldrel-macos-arm64 | 1.1-1 | 32.00 | OK | |||
r-oldrel-macos-x86_64 | 1.1-1 | 48.00 | OK | |||
r-oldrel-windows-x86_64 | 1.1-1 | 11.00 | 96.00 | 107.00 | OK |
Version: 1.1-1
Check: CRAN incoming feasibility
Result: NOTE
Maintainer: ‘Martin Maechler <maechler@stat.math.ethz.ch>’
No Authors@R field in DESCRIPTION.
Please add one, modifying
Authors@R: c(person(given = "Marcel",
family = "Dettling",
role = "aut",
email = "marcel.dettling@zhaw.ch"),
person(given = "Martin",
family = "Maechler",
role = c("aut", "cre"),
email = "maechler@stat.math.ethz.ch"))
as necessary.
Flavors: r-devel-linux-x86_64-debian-clang, r-devel-linux-x86_64-debian-gcc