CRAN Package Check Results for Package sumSome

Last updated on 2025-07-19 03:48:48 CEST.

Flavor Version Tinstall Tcheck Ttotal Status Flags
r-devel-linux-x86_64-debian-clang 1.1.0 14.76 37.32 52.08 NOTE
r-devel-linux-x86_64-debian-gcc 1.1.0 11.21 27.40 38.61 NOTE
r-devel-linux-x86_64-fedora-clang 1.1.0 80.22 OK
r-devel-linux-x86_64-fedora-gcc 1.1.0 80.88 OK
r-devel-windows-x86_64 1.1.0 19.00 76.00 95.00 OK
r-patched-linux-x86_64 1.1.0 16.92 34.59 51.51 OK
r-release-linux-x86_64 1.1.0 15.59 34.36 49.95 OK
r-release-macos-arm64 1.1.0 31.00 OK
r-release-macos-x86_64 1.1.0 56.00 OK
r-release-windows-x86_64 1.1.0 18.00 76.00 94.00 OK
r-oldrel-macos-arm64 1.1.0 28.00 OK
r-oldrel-macos-x86_64 1.1.0 41.00 OK
r-oldrel-windows-x86_64 1.1.0 22.00 94.00 116.00 OK

Check Details

Version: 1.1.0
Check: CRAN incoming feasibility
Result: NOTE Maintainer: ‘Anna Vesely <anna.vesely@phd.unipd.it>’ No Authors@R field in DESCRIPTION. Please add one, modifying Authors@R: person(given = "Anna", family = "Vesely", role = c("aut", "cre"), email = "anna.vesely@phd.unipd.it") as necessary. The Description field contains may be found in Vesely, Finos, and Goeman (2020) <arXiv:2102.11759>. Please refer to arXiv e-prints via their arXiv DOI <doi:10.48550/arXiv.YYMM.NNNNN>. Flavors: r-devel-linux-x86_64-debian-clang, r-devel-linux-x86_64-debian-gcc