CRAN Package Check Results for Package streamDepletr

Last updated on 2025-11-02 02:50:58 CET.

Flavor Version Tinstall Tcheck Ttotal Status Flags
r-devel-linux-x86_64-debian-clang 0.2.0 2.04 49.38 51.42 NOTE
r-devel-linux-x86_64-debian-gcc 0.2.0 1.88 38.54 40.42 NOTE
r-devel-linux-x86_64-fedora-clang 0.2.0 77.29 NOTE
r-devel-linux-x86_64-fedora-gcc 0.2.0 11.00 81.92 92.92 NOTE
r-devel-windows-x86_64 0.2.0 5.00 63.00 68.00 NOTE
r-patched-linux-x86_64 0.2.0 2.07 47.02 49.09 NOTE
r-release-linux-x86_64 0.2.0 2.30 45.85 48.15 NOTE
r-release-macos-arm64 0.2.0 1.00 34.00 35.00 NOTE
r-release-macos-x86_64 0.2.0 2.00 58.00 60.00 NOTE
r-release-windows-x86_64 0.2.0 5.00 62.00 67.00 NOTE
r-oldrel-macos-arm64 0.2.0 1.00 33.00 34.00 OK
r-oldrel-macos-x86_64 0.2.0 2.00 43.00 45.00 OK
r-oldrel-windows-x86_64 0.2.0 5.00 77.00 82.00 OK

Check Details

Version: 0.2.0
Check: DESCRIPTION meta-information
Result: NOTE Missing dependency on R >= 4.1.0 because package code uses the pipe |> or function shorthand \(...) syntax added in R 4.1.0. File(s) using such syntax: ‘apportion_inverse.R’ ‘apportion_polygon.R’ ‘apportion_web.R’ ‘prep_reach_dist.R’ Flavors: r-devel-linux-x86_64-debian-clang, r-devel-linux-x86_64-debian-gcc, r-devel-linux-x86_64-fedora-clang, r-devel-linux-x86_64-fedora-gcc, r-devel-windows-x86_64, r-patched-linux-x86_64, r-release-linux-x86_64, r-release-macos-arm64, r-release-macos-x86_64, r-release-windows-x86_64