Last updated on 2025-05-03 03:52:12 CEST.
Flavor | Version | Tinstall | Tcheck | Ttotal | Status | Flags |
---|---|---|---|---|---|---|
r-devel-linux-x86_64-debian-clang | 0.1.6 | 7.71 | 68.74 | 76.45 | NOTE | |
r-devel-linux-x86_64-debian-gcc | 0.1.6 | 5.36 | 50.77 | 56.13 | NOTE | |
r-devel-linux-x86_64-fedora-clang | 0.1.6 | 121.84 | OK | |||
r-devel-linux-x86_64-fedora-gcc | 0.1.6 | 114.30 | OK | |||
r-devel-windows-x86_64 | 0.1.6 | 10.00 | 82.00 | 92.00 | OK | |
r-patched-linux-x86_64 | 0.1.6 | 7.22 | 64.64 | 71.86 | OK | |
r-release-linux-x86_64 | OK | |||||
r-release-macos-arm64 | 0.1.6 | 48.00 | OK | |||
r-release-macos-x86_64 | 0.1.6 | 71.00 | OK | |||
r-release-windows-x86_64 | 0.1.6 | 10.00 | 82.00 | 92.00 | OK | |
r-oldrel-macos-arm64 | 0.1.6 | 37.00 | OK | |||
r-oldrel-macos-x86_64 | 0.1.6 | 53.00 | OK | |||
r-oldrel-windows-x86_64 | 0.1.6 | 12.00 | 94.00 | 106.00 | OK |
Version: 0.1.6
Check: CRAN incoming feasibility
Result: NOTE
Maintainer: ‘Dan Zangri <dzangri@gmail.com>’
No Authors@R field in DESCRIPTION.
Please add one, modifying
Authors@R: c(person(given = "Dan",
family = "Zangri",
role = c("aut", "cre"),
email = "dzangri@gmail.com"),
person(given = "Dustin",
family = "Tingley",
role = "ctb"),
person(given = "Brandon",
family = "Stewart",
role = "ctb"))
as necessary.
Found the following \keyword or \concept entries
which likely give several index terms:
File ‘stmgui-package.Rd’:
\keyword{ stm, shiny }
Flavors: r-devel-linux-x86_64-debian-clang, r-devel-linux-x86_64-debian-gcc