CRAN Package Check Results for Package sticky

Last updated on 2025-07-24 04:50:27 CEST.

Flavor Version Tinstall Tcheck Ttotal Status Flags
r-devel-linux-x86_64-debian-clang 0.5.6.1 1.59 26.64 28.23 OK
r-devel-linux-x86_64-debian-gcc 0.5.6.1 1.38 21.73 23.11 OK
r-devel-linux-x86_64-fedora-clang 0.5.6.1 42.98 OK
r-devel-linux-x86_64-fedora-gcc 0.5.6.1 56.56 OK
r-devel-windows-x86_64 0.5.6.1 3.00 46.00 49.00 OK
r-patched-linux-x86_64 0.5.6.1 1.66 24.51 26.17 OK
r-release-linux-x86_64 0.5.6.1 1.46 24.91 26.37 OK
r-release-macos-arm64 0.5.6.1 24.00 OK
r-release-macos-x86_64 0.5.6.1 42.00 OK
r-release-windows-x86_64 0.5.6.1 3.00 47.00 50.00 OK
r-oldrel-macos-arm64 0.5.6.1 28.00 NOTE
r-oldrel-macos-x86_64 0.5.6.1 53.00 NOTE
r-oldrel-windows-x86_64 0.5.6.1 2.00 54.00 56.00 NOTE

Check Details

Version: 0.5.6.1
Check: LazyData
Result: NOTE 'LazyData' is specified without a 'data' directory Flavors: r-oldrel-macos-arm64, r-oldrel-macos-x86_64, r-oldrel-windows-x86_64