CRAN Package Check Results for Package stgam

Last updated on 2025-05-17 03:49:21 CEST.

Flavor Version Tinstall Tcheck Ttotal Status Flags
r-devel-linux-x86_64-debian-clang 1.0.0 8.28 240.28 248.56 OK
r-devel-linux-x86_64-debian-gcc 1.0.0 6.56 198.84 205.40 OK
r-devel-linux-x86_64-fedora-clang 1.0.0 388.53 OK
r-devel-linux-x86_64-fedora-gcc 1.0.0 409.37 OK
r-devel-windows-x86_64 1.0.0 10.00 301.00 311.00 OK
r-patched-linux-x86_64 1.0.0 7.71 247.55 255.26 OK
r-release-linux-x86_64 0.0.1.2 8.81 345.03 353.84 NOTE
r-release-macos-arm64 1.0.0 196.00 OK
r-release-macos-x86_64 0.0.1.2 554.00 NOTE
r-release-windows-x86_64 1.0.0 10.00 302.00 312.00 OK
r-oldrel-macos-arm64 1.0.0 204.00 OK
r-oldrel-macos-x86_64 1.0.0 367.00 OK
r-oldrel-windows-x86_64 0.0.1.2 15.00 567.00 582.00 OK

Check Details

Version: 0.0.1.2
Check: DESCRIPTION meta-information
Result: NOTE Missing dependency on R >= 4.1.0 because package code uses the pipe |> or function shorthand \(...) syntax added in R 4.1.0. File(s) using such syntax: ‘calculate_vcs.Rd’ ‘do_bma.R’ ‘do_bma.Rd’ ‘evaluate_models.R’ ‘evaluate_models.Rd’ ‘gam_model_probs.R’ ‘gam_model_probs.Rd’ ‘plot_1d_smooth.Rd’ Flavor: r-release-linux-x86_64

Version: 0.0.1.2
Check: DESCRIPTION meta-information
Result: NOTE Missing dependency on R >= 4.1.0 because package code uses the pipe |> or function shorthand \(...) syntax added in R 4.1.0. File(s) using such syntax: ‘do_bma.R’ ‘evaluate_models.R’ ‘gam_model_probs.R’ Flavor: r-release-macos-x86_64