Last updated on 2025-07-24 04:50:27 CEST.
Flavor | Version | Tinstall | Tcheck | Ttotal | Status | Flags |
---|---|---|---|---|---|---|
r-devel-linux-x86_64-debian-clang | 0.0.1 | 7.41 | 73.54 | 80.95 | NOTE | |
r-devel-linux-x86_64-debian-gcc | 0.0.1 | 6.53 | 53.81 | 60.34 | NOTE | |
r-devel-linux-x86_64-fedora-clang | 0.0.1 | 127.38 | OK | |||
r-devel-linux-x86_64-fedora-gcc | 0.0.1 | 119.25 | OK | |||
r-devel-windows-x86_64 | 0.0.1 | 11.00 | 86.00 | 97.00 | OK | |
r-patched-linux-x86_64 | 0.0.1 | 8.12 | 69.61 | 77.73 | OK | |
r-release-linux-x86_64 | 0.0.1 | 8.46 | 70.93 | 79.39 | OK | |
r-release-macos-arm64 | 0.0.1 | 37.00 | OK | |||
r-release-macos-x86_64 | 0.0.1 | 91.00 | OK | |||
r-release-windows-x86_64 | 0.0.1 | 10.00 | 91.00 | 101.00 | OK | |
r-oldrel-macos-arm64 | 0.0.1 | 35.00 | OK | |||
r-oldrel-macos-x86_64 | 0.0.1 | 59.00 | OK | |||
r-oldrel-windows-x86_64 | 0.0.1 | 13.00 | 102.00 | 115.00 | OK |
Version: 0.0.1
Check: CRAN incoming feasibility
Result: NOTE
Maintainer: ‘Leandro A. Pereira <leandro.ap@ufu.br>’
The Description field contains
hypothesis test. Pinto & Pereira (2021) <arXiv:2109.07978>.
Please refer to arXiv e-prints via their arXiv DOI <doi:10.48550/arXiv.YYMM.NNNNN>.
Flavors: r-devel-linux-x86_64-debian-clang, r-devel-linux-x86_64-debian-gcc