Last updated on 2025-10-31 02:50:44 CET.
| Flavor | Version | Tinstall | Tcheck | Ttotal | Status | Flags | 
|---|---|---|---|---|---|---|
| r-devel-linux-x86_64-debian-clang | 1.0.9 | 66.59 | 106.69 | 173.28 | OK | |
| r-devel-linux-x86_64-debian-gcc | 1.0.9 | 44.96 | 78.27 | 123.23 | OK | |
| r-devel-linux-x86_64-fedora-clang | 1.0.9 | 246.00 | 73.13 | 319.13 | NOTE | |
| r-devel-linux-x86_64-fedora-gcc | 1.0.9 | 102.00 | 184.34 | 286.34 | NOTE | |
| r-devel-windows-x86_64 | 1.0.9 | 83.00 | 181.00 | 264.00 | OK | |
| r-patched-linux-x86_64 | 1.0.9 | 63.47 | 100.42 | 163.89 | OK | |
| r-release-linux-x86_64 | 1.0.9 | 67.22 | 99.90 | 167.12 | OK | |
| r-release-macos-arm64 | 1.0.9 | 25.00 | 54.00 | 79.00 | OK | |
| r-release-macos-x86_64 | 1.0.9 | 16.00 | 61.00 | 77.00 | OK | |
| r-release-windows-x86_64 | 1.0.9 | 84.00 | 181.00 | 265.00 | OK | |
| r-oldrel-macos-arm64 | 1.0.9 | 25.00 | 58.00 | 83.00 | NOTE | |
| r-oldrel-macos-x86_64 | 1.0.9 | 17.00 | 72.00 | 89.00 | NOTE | |
| r-oldrel-windows-x86_64 | 1.0.9 | 98.00 | 232.00 | 330.00 | OK | 
Version: 1.0.9
Check: dependencies in R code
Result: NOTE
  Namespace in Imports field not imported from: ‘statgenGWAS’
    All declared Imports should be used.
Flavors: r-devel-linux-x86_64-fedora-clang, r-devel-linux-x86_64-fedora-gcc
Version: 1.0.9
Check: installed package size
Result: NOTE
    installed size is  7.5Mb
    sub-directories of 1Mb or more:
      extdata   2.4Mb
      libs      4.2Mb
Flavors: r-oldrel-macos-arm64, r-oldrel-macos-x86_64