Last updated on 2025-05-02 03:51:23 CEST.
Flavor | Version | Tinstall | Tcheck | Ttotal | Status | Flags |
---|---|---|---|---|---|---|
r-devel-linux-x86_64-debian-clang | 1.2.2 | 7.70 | 141.75 | 149.45 | NOTE | |
r-devel-linux-x86_64-debian-gcc | 1.2.2 | 5.89 | 92.95 | 98.84 | OK | |
r-devel-linux-x86_64-fedora-clang | 1.2.2 | 239.60 | OK | |||
r-devel-linux-x86_64-fedora-gcc | 1.2.2 | 231.16 | OK | |||
r-devel-windows-x86_64 | 1.2.2 | 8.00 | 161.00 | 169.00 | OK | |
r-patched-linux-x86_64 | 1.2.2 | 8.31 | 131.68 | 139.99 | OK | |
r-release-linux-x86_64 | OK | |||||
r-release-macos-arm64 | 1.2.2 | 114.00 | OK | |||
r-release-macos-x86_64 | 1.2.2 | 148.00 | OK | |||
r-release-windows-x86_64 | 1.2.2 | 9.00 | 171.00 | 180.00 | OK | |
r-oldrel-macos-arm64 | 1.2.2 | 59.00 | OK | |||
r-oldrel-macos-x86_64 | 1.2.2 | 100.00 | OK | |||
r-oldrel-windows-x86_64 | 1.2.2 | 10.00 | 185.00 | 195.00 | OK |
Version: 1.2.2
Check: examples
Result: NOTE
Examples with CPU (user + system) or elapsed time > 5s
user system elapsed
stabilityIntersectionMBM 6.513 0.123 8.866
Flavor: r-devel-linux-x86_64-debian-clang