Last updated on 2025-11-04 03:51:09 CET.
| Flavor | Version | Tinstall | Tcheck | Ttotal | Status | Flags | 
|---|---|---|---|---|---|---|
| r-devel-linux-x86_64-debian-clang | 0.1.1 | 2.13 | 26.39 | 28.52 | NOTE | |
| r-devel-linux-x86_64-debian-gcc | 0.1.1 | 1.62 | 21.14 | 22.76 | NOTE | |
| r-devel-linux-x86_64-fedora-clang | 0.1.1 | 40.28 | OK | |||
| r-devel-linux-x86_64-fedora-gcc | 0.1.1 | 40.11 | OK | |||
| r-devel-windows-x86_64 | 0.1.1 | 3.00 | 49.00 | 52.00 | OK | |
| r-patched-linux-x86_64 | 0.1.1 | 2.17 | 24.39 | 26.56 | OK | |
| r-release-linux-x86_64 | 0.1.1 | 1.93 | 24.10 | 26.03 | OK | |
| r-release-macos-arm64 | 0.1.1 | 1.00 | 16.00 | 17.00 | OK | |
| r-release-macos-x86_64 | 0.1.1 | 2.00 | 27.00 | 29.00 | OK | |
| r-release-windows-x86_64 | 0.1.1 | 3.00 | 47.00 | 50.00 | OK | |
| r-oldrel-macos-arm64 | 0.1.1 | 1.00 | 16.00 | 17.00 | OK | |
| r-oldrel-macos-x86_64 | 0.1.1 | 2.00 | 25.00 | 27.00 | OK | |
| r-oldrel-windows-x86_64 | 0.1.1 | 5.00 | 53.00 | 58.00 | OK | 
Version: 0.1.1
Check: CRAN incoming feasibility
Result: NOTE
  Maintainer: ‘Sebastien Thonnard <sebastien.thonnard@icloud.com>’
  
  No Authors@R field in DESCRIPTION.
  Please add one, modifying
    Authors@R: person(given = "Sebastien",
                      family = "Thonnard",
                      role = c("aut", "cre"),
                      email = "sebastien.thonnard@icloud.com")
  as necessary.
Flavors: r-devel-linux-x86_64-debian-clang, r-devel-linux-x86_64-debian-gcc