Last updated on 2025-11-14 03:50:08 CET.
| Flavor | Version | Tinstall | Tcheck | Ttotal | Status | Flags |
|---|---|---|---|---|---|---|
| r-devel-linux-x86_64-debian-clang | 1.4-0 | 32.13 | 388.81 | 420.94 | NOTE | |
| r-devel-linux-x86_64-debian-gcc | 1.4-0 | 19.37 | 247.38 | 266.75 | NOTE | |
| r-devel-linux-x86_64-fedora-clang | 1.4-0 | 206.00 | 503.69 | 709.69 | OK | |
| r-devel-linux-x86_64-fedora-gcc | 1.4-0 | 200.00 | 511.22 | 711.22 | OK | |
| r-devel-windows-x86_64 | 1.4-0 | 32.00 | 294.00 | 326.00 | NOTE | |
| r-patched-linux-x86_64 | 1.4-0 | 29.84 | 370.49 | 400.33 | OK | |
| r-release-linux-x86_64 | 1.4-0 | 27.60 | 370.19 | 397.79 | OK | |
| r-release-macos-arm64 | 1.4-0 | 11.00 | 138.00 | 149.00 | OK | |
| r-release-macos-x86_64 | 1.4-0 | 24.00 | 299.00 | 323.00 | OK | |
| r-release-windows-x86_64 | 1.4-0 | 29.00 | 296.00 | 325.00 | OK | |
| r-oldrel-macos-arm64 | 1.4-0 | 12.00 | 137.00 | 149.00 | OK | |
| r-oldrel-macos-x86_64 | 1.4-0 | 19.00 | 242.00 | 261.00 | OK | |
| r-oldrel-windows-x86_64 | 1.4-0 | 40.00 | 414.00 | 454.00 | OK |
Version: 1.4-0
Check: Rd files
Result: NOTE
checkRd: (-1) defineUM.Rd:72-88: Only 6 columns allowed in this table (row 1 has 4)
checkRd: (-1) defineUM.Rd:72-88: Only 6 columns allowed in this table (row 2 has 4)
checkRd: (-1) defineUM.Rd:72-88: Only 6 columns allowed in this table (row 3 has 4)
checkRd: (-1) defineUM.Rd:72-88: Only 6 columns allowed in this table (row 4 has 4)
checkRd: (-1) defineUM.Rd:72-88: Only 6 columns allowed in this table (row 5 has 4)
checkRd: (-1) defineUM.Rd:72-88: Only 6 columns allowed in this table (row 6 has 4)
checkRd: (-1) defineUM.Rd:72-88: Only 6 columns allowed in this table (row 7 has 4)
checkRd: (-1) defineUM.Rd:72-88: Only 6 columns allowed in this table (row 8 has 4)
checkRd: (-1) defineUM.Rd:72-88: Only 6 columns allowed in this table (row 9 has 4)
checkRd: (-1) defineUM.Rd:72-88: Only 6 columns allowed in this table (row 10 has 4)
checkRd: (-1) defineUM.Rd:72-88: Only 6 columns allowed in this table (row 11 has 4)
checkRd: (-1) defineUM.Rd:72-88: Only 6 columns allowed in this table (row 12 has 4)
checkRd: (-1) defineUM.Rd:72-88: Only 6 columns allowed in this table (row 13 has 4)
checkRd: (-1) defineUM.Rd:72-88: Only 6 columns allowed in this table (row 14 has 4)
checkRd: (-1) defineUM.Rd:72-88: Only 6 columns allowed in this table (row 15 has 4)
checkRd: (-1) defineUM.Rd:72-88: Only 6 columns allowed in this table (row 16 has 4)
Flavors: r-devel-linux-x86_64-debian-clang, r-devel-linux-x86_64-debian-gcc, r-devel-windows-x86_64