Last updated on 2025-05-17 03:49:20 CEST.
Flavor | Version | Tinstall | Tcheck | Ttotal | Status | Flags |
---|---|---|---|---|---|---|
r-devel-linux-x86_64-debian-clang | 5.5.1 | 28.78 | 341.09 | 369.87 | OK | |
r-devel-linux-x86_64-debian-gcc | 5.5.1 | 20.59 | 229.05 | 249.64 | OK | |
r-devel-linux-x86_64-fedora-clang | 5.5.1 | 576.36 | OK | |||
r-devel-linux-x86_64-fedora-gcc | 5.5.1 | 585.85 | OK | |||
r-devel-windows-x86_64 | 5.5.1 | 31.00 | 293.00 | 324.00 | OK | |
r-patched-linux-x86_64 | 5.5.1 | 31.72 | 331.13 | 362.85 | OK | |
r-release-linux-x86_64 | 5.5.1 | 29.93 | 328.91 | 358.84 | OK | |
r-release-macos-arm64 | 5.5.1 | 192.00 | OK | |||
r-release-macos-x86_64 | 5.5.1 | 335.00 | OK | |||
r-release-windows-x86_64 | 5.5.1 | 32.00 | 288.00 | 320.00 | OK | |
r-oldrel-macos-arm64 | 5.5.1 | 136.00 | NOTE | |||
r-oldrel-macos-x86_64 | 5.5.1 | 230.00 | NOTE | |||
r-oldrel-windows-x86_64 | 5.5.1 | 42.00 | 385.00 | 427.00 | NOTE |
Version: 5.5.1
Check: installed package size
Result: NOTE
installed size is 7.1Mb
sub-directories of 1Mb or more:
doc 5.5Mb
Flavors: r-oldrel-macos-arm64, r-oldrel-macos-x86_64, r-oldrel-windows-x86_64