Last updated on 2025-11-15 03:50:30 CET.
| Flavor | Version | Tinstall | Tcheck | Ttotal | Status | Flags |
|---|---|---|---|---|---|---|
| r-devel-linux-x86_64-debian-clang | 1.4.0 | 13.57 | 112.99 | 126.56 | NOTE | |
| r-devel-linux-x86_64-debian-gcc | 1.4.0 | 10.64 | 81.19 | 91.83 | NOTE | |
| r-devel-linux-x86_64-fedora-clang | 1.4.0 | 69.00 | 136.07 | 205.07 | OK | |
| r-devel-linux-x86_64-fedora-gcc | 1.4.0 | 43.00 | 145.91 | 188.91 | OK | |
| r-devel-windows-x86_64 | 1.4.0 | 19.00 | 108.00 | 127.00 | OK | |
| r-patched-linux-x86_64 | 1.4.0 | 12.88 | 107.53 | 120.41 | OK | |
| r-release-linux-x86_64 | 1.4.0 | 14.87 | 108.27 | 123.14 | OK | |
| r-release-macos-arm64 | 1.4.0 | 6.00 | 41.00 | 47.00 | OK | |
| r-release-macos-x86_64 | 1.4.0 | 9.00 | 66.00 | 75.00 | OK | |
| r-release-windows-x86_64 | 1.4.0 | 17.00 | 106.00 | 123.00 | OK | |
| r-oldrel-macos-arm64 | 1.4.0 | 5.00 | 37.00 | 42.00 | OK | |
| r-oldrel-macos-x86_64 | 1.4.0 | 7.00 | 64.00 | 71.00 | OK | |
| r-oldrel-windows-x86_64 | 1.4.0 | 20.00 | 139.00 | 159.00 | OK |
Version: 1.4.0
Check: CRAN incoming feasibility
Result: NOTE
Maintainer: ‘Giancarlo Vercellino <giancarlo.vercellino@gmail.com>’
No Authors@R field in DESCRIPTION.
Please add one, modifying
Authors@R: person(given = "Giancarlo",
family = "Vercellino",
role = c("aut", "cre"),
email = "giancarlo.vercellino@gmail.com")
as necessary.
Flavors: r-devel-linux-x86_64-debian-clang, r-devel-linux-x86_64-debian-gcc