Last updated on 2025-11-04 03:51:09 CET.
| Flavor | Version | Tinstall | Tcheck | Ttotal | Status | Flags | 
|---|---|---|---|---|---|---|
| r-devel-linux-x86_64-debian-clang | 0.2.2 | 100.47 | 62.72 | 163.19 | NOTE | |
| r-devel-linux-x86_64-debian-gcc | 0.2.2 | 64.24 | 44.52 | 108.76 | NOTE | |
| r-devel-linux-x86_64-fedora-clang | 0.2.2 | 139.00 | 157.25 | 296.25 | NOTE | |
| r-devel-linux-x86_64-fedora-gcc | 0.2.2 | 212.00 | 64.35 | 276.35 | NOTE | |
| r-devel-windows-x86_64 | 0.2.2 | 109.00 | 93.00 | 202.00 | NOTE | |
| r-patched-linux-x86_64 | 0.2.2 | 95.53 | 57.14 | 152.67 | OK | |
| r-release-linux-x86_64 | 0.2.2 | 99.52 | 57.10 | 156.62 | OK | |
| r-release-macos-arm64 | 0.2.2 | 35.00 | 34.00 | 69.00 | OK | |
| r-release-macos-x86_64 | 0.2.2 | 27.00 | 53.00 | 80.00 | OK | |
| r-release-windows-x86_64 | 0.2.2 | 107.00 | 89.00 | 196.00 | OK | |
| r-oldrel-macos-arm64 | 0.2.2 | 30.00 | 36.00 | 66.00 | NOTE | |
| r-oldrel-macos-x86_64 | 0.2.2 | 34.00 | 67.00 | 101.00 | NOTE | |
| r-oldrel-windows-x86_64 | 0.2.2 | 127.00 | 114.00 | 241.00 | OK | 
Version: 0.2.2
Check: Rd files
Result: NOTE
  checkRd: (-1) spinBayes-package.Rd:15-19: Only 2 columns allowed in this table (row 2 has 1)
  checkRd: (-1) spinBayes-package.Rd:15-19: Only 2 columns allowed in this table (row 5 has 1)
Flavors: r-devel-linux-x86_64-debian-clang, r-devel-linux-x86_64-debian-gcc, r-devel-linux-x86_64-fedora-clang, r-devel-linux-x86_64-fedora-gcc, r-devel-windows-x86_64
Version: 0.2.2
Check: installed package size
Result: NOTE
    installed size is  6.8Mb
    sub-directories of 1Mb or more:
      libs   6.2Mb
Flavors: r-oldrel-macos-arm64, r-oldrel-macos-x86_64