Last updated on 2025-05-02 03:51:23 CEST.
Flavor | Version | Tinstall | Tcheck | Ttotal | Status | Flags |
---|---|---|---|---|---|---|
r-devel-linux-x86_64-debian-clang | 1.0.0 | 13.63 | 281.80 | 295.43 | NOTE | |
r-devel-linux-x86_64-debian-gcc | 1.0.0 | 9.01 | 199.03 | 208.04 | OK | |
r-devel-linux-x86_64-fedora-clang | 1.0.0 | 468.99 | OK | |||
r-devel-linux-x86_64-fedora-gcc | 1.0.0 | 474.81 | OK | |||
r-devel-windows-x86_64 | 1.0.0 | 15.00 | 252.00 | 267.00 | OK | |
r-patched-linux-x86_64 | 1.0.0 | 12.62 | 266.55 | 279.17 | OK | |
r-release-linux-x86_64 | OK | |||||
r-release-macos-arm64 | 1.0.0 | 110.00 | OK | |||
r-release-macos-x86_64 | 1.0.0 | 250.00 | OK | |||
r-release-windows-x86_64 | 1.0.0 | 16.00 | 249.00 | 265.00 | OK | |
r-oldrel-macos-arm64 | 1.0.0 | 129.00 | OK | |||
r-oldrel-macos-x86_64 | 1.0.0 | 182.00 | OK | |||
r-oldrel-windows-x86_64 | 1.0.0 | 18.00 | 332.00 | 350.00 | OK |
Version: 1.0.0
Check: examples
Result: NOTE
Examples with CPU (user + system) or elapsed time > 5s
user system elapsed
plot_choices 4.959 0.062 6.319
plot_curve 4.664 0.048 5.304
plot_samplesizes 4.609 0.032 5.865
summarise_specs 4.381 0.000 5.608
run_specs 4.102 0.004 5.153
Flavor: r-devel-linux-x86_64-debian-clang